{"id":14114,"date":"2023-03-27T23:02:25","date_gmt":"2023-03-27T21:02:25","guid":{"rendered":"http:\/\/wir-von-der-kennedy.de\/wirvonderkennedyfinal\/?page_id=14114"},"modified":"2023-03-27T23:06:06","modified_gmt":"2023-03-27T21:06:06","slug":"john-f-kennedy-der-35-praesident-der-usa","status":"publish","type":"page","link":"https:\/\/wir-von-der-kennedy.de\/wirvonderkennedyfinal\/john-f-kennedy-der-35-praesident-der-usa\/","title":{"rendered":"John F. Kennedy &#8211; Der 35. Pr\u00e4sident der USA"},"content":{"rendered":"\n<p class=\"wp-block-paragraph\"><p>Du willst wissen, wer John F. Kennedy war? Schlie\u00dflich muss es doch einen Grund geben, dass unsere Schule seit ihrer Gr\u00fcndung im Jahre 1965 seinen Namen tr\u00e4gt. Was war das Besondere an diesem 35. Pr\u00e4sidenten der USA? Erste Antworten findest du unter:\u00a0<br><a rel=\"nofollow noopener noreferrer\" href=\"http:\/\/www.john-f-kennedy.org\/\" target=\"_blank\">Mein John F. Kennedy<\/a>\u00a0und\u00a0<a rel=\"nofollow noopener noreferrer\" href=\"http:\/\/www.john-f-kennedy.info\/\" target=\"_blank\">John Fitzgerald Kennedy<\/a> und <a href=\"https:\/\/de.wikipedia.org\/wiki\/John_F._Kennedy\">John F. Kennedy \u2013 Wikipedia<\/a><br>Sicherlich triffst du bei deiner Recherche noch auf viele weitere informative Seiten im Internet.\u00a0<\/p><\/p>\n\n\n\n<figure class=\"wp-block-image size-large\"><a href=\"http:\/\/wir-von-der-kennedy.de\/wirvonderkennedyfinal\/wp-content\/uploads\/2023\/03\/Collage-scaled.jpg\"><img loading=\"lazy\" decoding=\"async\" width=\"1024\" height=\"557\" src=\"http:\/\/wir-von-der-kennedy.de\/wirvonderkennedyfinal\/wp-content\/uploads\/2023\/03\/Collage-1024x557.jpg\" alt=\"\" class=\"wp-image-14118\" srcset=\"https:\/\/wir-von-der-kennedy.de\/wirvonderkennedyfinal\/wp-content\/uploads\/2023\/03\/Collage-1024x557.jpg 1024w, https:\/\/wir-von-der-kennedy.de\/wirvonderkennedyfinal\/wp-content\/uploads\/2023\/03\/Collage-300x163.jpg 300w, https:\/\/wir-von-der-kennedy.de\/wirvonderkennedyfinal\/wp-content\/uploads\/2023\/03\/Collage-768x418.jpg 768w, https:\/\/wir-von-der-kennedy.de\/wirvonderkennedyfinal\/wp-content\/uploads\/2023\/03\/Collage-1536x836.jpg 1536w, https:\/\/wir-von-der-kennedy.de\/wirvonderkennedyfinal\/wp-content\/uploads\/2023\/03\/Collage-2048x1115.jpg 2048w\" sizes=\"auto, (max-width: 1024px) 100vw, 1024px\" \/><\/a><\/figure>\n\n\n\n<p class=\"wp-block-paragraph\"><\/p>\n\n\n\n<p class=\"wp-block-paragraph\"><em>Auf unserer kleinen Collage siehst du Kennedy unter anderem in Frankfurt am Main, mit dem Regierenden B\u00fcrgermeister von Berlin Willy Brandt, Queen Elizabeth II. und dem ersten deutschen Bundeskanzler Konrad Adenauer. <\/em><\/p>\n","protected":false},"excerpt":{"rendered":"<p>Du willst wissen, wer John F. Kennedy war? Schlie\u00dflich muss es doch einen Grund geben, dass unsere Schule seit ihrer Gr\u00fcndung im Jahre 1965 seinen Namen tr\u00e4gt. Was war das Besondere an diesem 35. Pr\u00e4sidenten der USA? Erste Antworten findest du unter:\u00a0Mein John F. Kennedy\u00a0und\u00a0John Fitzgerald Kennedy und John F. Kennedy \u2013 WikipediaSicherlich triffst du&#8230; <\/p>\n<div class=\"clear\"><\/div>\n<p><a href=\"https:\/\/wir-von-der-kennedy.de\/wirvonderkennedyfinal\/john-f-kennedy-der-35-praesident-der-usa\/\" class=\"gdlr-info-font excerpt-read-more\">Read More<\/a><\/p>\n","protected":false},"author":2,"featured_media":0,"parent":0,"menu_order":0,"comment_status":"closed","ping_status":"closed","template":"","meta":{"_crdt_document":"","footnotes":""},"class_list":["post-14114","page","type-page","status-publish","hentry"],"_links":{"self":[{"href":"https:\/\/wir-von-der-kennedy.de\/wirvonderkennedyfinal\/wp-json\/wp\/v2\/pages\/14114","targetHints":{"allow":["GET"]}}],"collection":[{"href":"https:\/\/wir-von-der-kennedy.de\/wirvonderkennedyfinal\/wp-json\/wp\/v2\/pages"}],"about":[{"href":"https:\/\/wir-von-der-kennedy.de\/wirvonderkennedyfinal\/wp-json\/wp\/v2\/types\/page"}],"author":[{"embeddable":true,"href":"https:\/\/wir-von-der-kennedy.de\/wirvonderkennedyfinal\/wp-json\/wp\/v2\/users\/2"}],"replies":[{"embeddable":true,"href":"https:\/\/wir-von-der-kennedy.de\/wirvonderkennedyfinal\/wp-json\/wp\/v2\/comments?post=14114"}],"version-history":[{"count":7,"href":"https:\/\/wir-von-der-kennedy.de\/wirvonderkennedyfinal\/wp-json\/wp\/v2\/pages\/14114\/revisions"}],"predecessor-version":[{"id":14123,"href":"https:\/\/wir-von-der-kennedy.de\/wirvonderkennedyfinal\/wp-json\/wp\/v2\/pages\/14114\/revisions\/14123"}],"wp:attachment":[{"href":"https:\/\/wir-von-der-kennedy.de\/wirvonderkennedyfinal\/wp-json\/wp\/v2\/media?parent=14114"}],"curies":[{"name":"wp","href":"https:\/\/api.w.org\/{rel}","templated":true}]}}

John F. Kennedy &#8211; Der 35. Präsident der USA

<p class="wp-block-paragraph"><p>Du willst wissen, wer John F. Kennedy war? Schließlich muss es doch einen Grund geben, dass unsere Schule seit ihrer Gründung im Jahre 1965 seinen Namen trägt. Was war das Besondere an diesem 35. Präsidenten der USA? Erste Antworten findest du unter: <br><a rel="nofollow noopener noreferrer" href="http://www.john-f-kennedy.org/" target="_blank">Mein John F. Kennedy</a> und <a rel="nofollow noopener noreferrer" href="http://www.john-f-kennedy.info/" target="_blank">John Fitzgerald Kennedy</a> und <a href="https://de.wikipedia.org/wiki/John_F._Kennedy">John F. Kennedy – Wikipedia</a><br>Sicherlich triffst du bei deiner Recherche noch auf viele weitere informative Seiten im Internet. </p></p>



<figure class="wp-block-image size-large"><a href="http://wir-von-der-kennedy.de/wirvonderkennedyfinal/wp-content/uploads/2023/03/Collage-scaled.jpg"><img loading="lazy" decoding="async" width="1024" height="557" src="http://wir-von-der-kennedy.de/wirvonderkennedyfinal/wp-content/uploads/2023/03/Collage-1024x557.jpg" alt="" class="wp-image-14118" srcset="https://wir-von-der-kennedy.de/wirvonderkennedyfinal/wp-content/uploads/2023/03/Collage-1024x557.jpg 1024w, https://wir-von-der-kennedy.de/wirvonderkennedyfinal/wp-content/uploads/2023/03/Collage-300x163.jpg 300w, https://wir-von-der-kennedy.de/wirvonderkennedyfinal/wp-content/uploads/2023/03/Collage-768x418.jpg 768w, https://wir-von-der-kennedy.de/wirvonderkennedyfinal/wp-content/uploads/2023/03/Collage-1536x836.jpg 1536w, https://wir-von-der-kennedy.de/wirvonderkennedyfinal/wp-content/uploads/2023/03/Collage-2048x1115.jpg 2048w" sizes="auto, (max-width: 1024px) 100vw, 1024px" /></a></figure>



<p class="wp-block-paragraph"></p>



<p class="wp-block-paragraph"><em>Auf unserer kleinen Collage siehst du Kennedy unter anderem in Frankfurt am Main, mit dem Regierenden Bürgermeister von Berlin Willy Brandt, Queen Elizabeth II. und dem ersten deutschen Bundeskanzler Konrad Adenauer. </em></p>

<p>Du willst wissen, wer John F. Kennedy war? Schließlich muss es doch einen Grund geben, dass unsere Schule seit ihrer Gründung im Jahre 1965 seinen Namen trägt. Was war das Besondere an diesem 35. Präsidenten der USA? Erste Antworten findest du unter: Mein John F. Kennedy und John Fitzgerald Kennedy und John F. Kennedy – WikipediaSicherlich triffst du&#8230; </p>
<div class="clear"></div>
<p><a href="https://wir-von-der-kennedy.de/wirvonderkennedyfinal/john-f-kennedy-der-35-praesident-der-usa/" class="gdlr-info-font excerpt-read-more">Read More</a></p>
