{"id":169,"date":"2015-02-22T11:48:48","date_gmt":"2015-02-22T10:48:48","guid":{"rendered":"http:\/\/wir-von-der-kennedy.de\/wirvonderkennedy\/?page_id=169"},"modified":"2015-11-10T14:49:27","modified_gmt":"2015-11-10T13:49:27","slug":"das-lehrerfreundebuch","status":"publish","type":"page","link":"https:\/\/wir-von-der-kennedy.de\/wirvonderkennedyfinal\/schuelerzeitung\/das-lehrerfreundebuch\/","title":{"rendered":"Das Lehrerfreundebuch"},"content":{"rendered":"<h3>Hallo,<\/h3>\n<h3>hier k\u00f6nnen Sie Informationen \u00fcber Lehrerinnen und Lehrer der John-F.-Kennedy-Schule bekommen. Das nennen wir \u201eLehrerfreundebuch\u201c!<\/h3>\n<h3>Wir haben uns die Fragen f\u00fcr die Lehrerinnen und Lehrer selber ausgedacht. Wir hoffen, Ihnen gef\u00e4llt das Lehrerfreundebuch und die Fragen. Viel Spa\u00df beim Lesen. Was halten Sie vom Lehrerfreundebuch?<\/h3>\n<h3><em>lebaer &amp; mati<\/em><\/h3>\n","protected":false},"excerpt":{"rendered":"<p>Hallo, hier k\u00f6nnen Sie Informationen \u00fcber Lehrerinnen und Lehrer der John-F.-Kennedy-Schule bekommen. Das nennen wir \u201eLehrerfreundebuch\u201c! Wir haben uns die Fragen f\u00fcr die Lehrerinnen und Lehrer selber ausgedacht. Wir hoffen, Ihnen gef\u00e4llt das Lehrerfreundebuch und die Fragen. Viel Spa\u00df beim Lesen. Was halten Sie vom Lehrerfreundebuch? lebaer &amp; mati<\/p>\n","protected":false},"author":2,"featured_media":0,"parent":140,"menu_order":0,"comment_status":"closed","ping_status":"closed","template":"","meta":{"_crdt_document":"","footnotes":""},"class_list":["post-169","page","type-page","status-publish","hentry"],"_links":{"self":[{"href":"https:\/\/wir-von-der-kennedy.de\/wirvonderkennedyfinal\/wp-json\/wp\/v2\/pages\/169","targetHints":{"allow":["GET"]}}],"collection":[{"href":"https:\/\/wir-von-der-kennedy.de\/wirvonderkennedyfinal\/wp-json\/wp\/v2\/pages"}],"about":[{"href":"https:\/\/wir-von-der-kennedy.de\/wirvonderkennedyfinal\/wp-json\/wp\/v2\/types\/page"}],"author":[{"embeddable":true,"href":"https:\/\/wir-von-der-kennedy.de\/wirvonderkennedyfinal\/wp-json\/wp\/v2\/users\/2"}],"replies":[{"embeddable":true,"href":"https:\/\/wir-von-der-kennedy.de\/wirvonderkennedyfinal\/wp-json\/wp\/v2\/comments?post=169"}],"version-history":[{"count":2,"href":"https:\/\/wir-von-der-kennedy.de\/wirvonderkennedyfinal\/wp-json\/wp\/v2\/pages\/169\/revisions"}],"predecessor-version":[{"id":6160,"href":"https:\/\/wir-von-der-kennedy.de\/wirvonderkennedyfinal\/wp-json\/wp\/v2\/pages\/169\/revisions\/6160"}],"up":[{"embeddable":true,"href":"https:\/\/wir-von-der-kennedy.de\/wirvonderkennedyfinal\/wp-json\/wp\/v2\/pages\/140"}],"wp:attachment":[{"href":"https:\/\/wir-von-der-kennedy.de\/wirvonderkennedyfinal\/wp-json\/wp\/v2\/media?parent=169"}],"curies":[{"name":"wp","href":"https:\/\/api.w.org\/{rel}","templated":true}]}}