{"id":187,"date":"2015-02-22T11:52:27","date_gmt":"2015-02-22T10:52:27","guid":{"rendered":"http:\/\/wir-von-der-kennedy.de\/wirvonderkennedy\/?page_id=187"},"modified":"2025-01-13T16:27:14","modified_gmt":"2025-01-13T15:27:14","slug":"geschichte","status":"publish","type":"page","link":"https:\/\/wir-von-der-kennedy.de\/wirvonderkennedyfinal\/schulgemeinde\/faecher\/geschichte\/","title":{"rendered":"Geschichte"},"content":{"rendered":"\r\n<div>\r\n<p><strong>Aufgaben und Ziele des Faches<\/strong><\/p>\r\n<p><strong>\u00a0<\/strong>\u201eUnsere Gesellschaft braucht m\u00fcndige, informierte und politisch handlungsf\u00e4hige Sch\u00fclerinnen und Sch\u00fcler. Wie sie ihre Gegenwart und Zukunft gestalten, ist auch davon abh\u00e4ngig, wie sie Vergangenheit beurteilen. Hier liegt ein entscheidender Beitrag des Faches Geschichte zur politischen Bildung.<\/p>\r\n<p>Angesichts der F\u00fclle unseres Wissens \u00fcber vergangenes Geschehen ist es prinzipiell unm\u00f6glich, einen vollst\u00e4ndigen \u201e\u00dcberblick \u00fcber die Geschichte\u201c aufzubauen. Aus einer Vielzahl m\u00f6glicher und bedeutsamer Inhalte muss ausgew\u00e4hlt werden. Ein didaktisch reflektierter und gesellschaftlich verantwortbarer Geschichtsunterricht sollte darauf abzielen, das von den Geschichtswissenschaftlern aufgearbeitetes und bereitgestelltes Wissen von der Vergangenheit im Hinblick auf Fragen, Situationen und Entwicklungen zu untersuchen, die f\u00fcr uns in Gegenwart und absehbarer Zukunft von besonderer Bedeutung sind.<\/p>\r\n<p>Der Geschichtsunterricht strebt die Entwicklung eines historischen Bewusstseins an. Wichtige Komponenten sind die Vermittlung von historischem Denken an ausgew\u00e4hlten Unterrichtsinhalten und historisches Wissen.\u201c<\/p>\r\n<p><a href=\"https:\/\/kultus.hessen.de\/sites\/kultus.hessen.de\/files\/2021-06\/lphauptgeschichte.pdf\">Lehrplan f\u00fcr Geschichte in der Hauptschule<\/a><\/p>\r\n<p><a href=\"https:\/\/kultus.hessen.de\/sites\/kultus.hessen.de\/files\/2021-06\/lprealgeschichte.pdf\">Lehrplan f\u00fcr Geschichte in der Realschule<\/a><\/p>\r\n<p>An der John-F.-Kennedy-Schule wird das Fach Geschichte in der F\u00f6rderstufe in der Klasse 6, in der Hauptschule in den Klassen 7 und 9 und in der Realschule in den Klassen 8-10 w\u00f6chentlich zweist\u00fcndig unterrichtet.<\/p>\r\n<\/div>\r\n\r\n\r\n\r\n<p class=\"wp-block-paragraph\">&nbsp;<\/p>\r\n\r\n\r\n<hr class=\"wp-block-separator has-alpha-channel-opacity\" \/>\r\n\r\n\r\n<p class=\"has-white-color has-text-color has-link-color wp-elements-6728af331d6878aaeda9789fe1b6b338 wp-block-paragraph\">aaa<\/p>\r\n\r\n\r\n\r\n<p class=\"wp-block-paragraph\"><strong><em>Analyse von Propaganda-Postkarten<\/em><\/strong><\/p>\r\n\r\n\r\n\r\n<p class=\"wp-block-paragraph\"><em>Ein Beispiel aus dem Geschichtsunterricht der Jahrgangsstufe 9<\/em><\/p>\r\n\r\n\r\n\r\n<p class=\"wp-block-paragraph\">In allen kriegsf\u00fchrenden Staaten des 1. Weltkrieges wurden Postkarten mit Kriegsmotiven hergestellt. Diese Propaganda-Postkarten analysierten\u00a0unter Anleitung von Geschichtslehrer Norbert Bernges Sch\u00fclerinnen und Sch\u00fcler der Klasse 9bR in Arbeitsgruppen unter folgenden Gesichtspunkten bzw. Fragestellungen: <br \/>Welcher Personenkreis sollte beeinflusst werden?<br \/>Von welcher kriegsf\u00fchrenden Seite stammt die Postkarte?<br \/>Mit welchen Mitteln arbeitete die Darstellung?<br \/>Wie wurde der Kriegsgegner dargestellt?<br \/>Und: Wie ist die Darstellung aus heutiger Sicht zu beurteilen?<\/p>\r\n\r\n\r\n\r\n<figure class=\"wp-block-gallery has-nested-images columns-default is-cropped wp-block-gallery-1 is-layout-flex wp-block-gallery-is-layout-flex\">\r\n<figure class=\"wp-block-image size-large\"><a href=\"https:\/\/wir-von-der-kennedy.de\/wirvonderkennedyfinal\/wp-content\/uploads\/2024\/07\/20240620_080512-scaled.jpg\"><img loading=\"lazy\" decoding=\"async\" width=\"1024\" height=\"576\" data-id=\"15749\" class=\"wp-image-15749\" src=\"https:\/\/wir-von-der-kennedy.de\/wirvonderkennedyfinal\/wp-content\/uploads\/2024\/07\/20240620_080512-1024x576.jpg\" alt=\"\" srcset=\"https:\/\/wir-von-der-kennedy.de\/wirvonderkennedyfinal\/wp-content\/uploads\/2024\/07\/20240620_080512-1024x576.jpg 1024w, https:\/\/wir-von-der-kennedy.de\/wirvonderkennedyfinal\/wp-content\/uploads\/2024\/07\/20240620_080512-300x169.jpg 300w, https:\/\/wir-von-der-kennedy.de\/wirvonderkennedyfinal\/wp-content\/uploads\/2024\/07\/20240620_080512-768x432.jpg 768w, https:\/\/wir-von-der-kennedy.de\/wirvonderkennedyfinal\/wp-content\/uploads\/2024\/07\/20240620_080512-1536x864.jpg 1536w, https:\/\/wir-von-der-kennedy.de\/wirvonderkennedyfinal\/wp-content\/uploads\/2024\/07\/20240620_080512-2048x1153.jpg 2048w\" sizes=\"auto, (max-width: 1024px) 100vw, 1024px\" \/><\/a><\/figure>\r\n\r\n\r\n\r\n<figure class=\"wp-block-image size-large\"><a href=\"https:\/\/wir-von-der-kennedy.de\/wirvonderkennedyfinal\/wp-content\/uploads\/2024\/07\/20240620_080615-scaled.jpg\"><img loading=\"lazy\" decoding=\"async\" width=\"1024\" height=\"576\" data-id=\"15750\" class=\"wp-image-15750\" src=\"https:\/\/wir-von-der-kennedy.de\/wirvonderkennedyfinal\/wp-content\/uploads\/2024\/07\/20240620_080615-1024x576.jpg\" alt=\"\" srcset=\"https:\/\/wir-von-der-kennedy.de\/wirvonderkennedyfinal\/wp-content\/uploads\/2024\/07\/20240620_080615-1024x576.jpg 1024w, https:\/\/wir-von-der-kennedy.de\/wirvonderkennedyfinal\/wp-content\/uploads\/2024\/07\/20240620_080615-300x169.jpg 300w, https:\/\/wir-von-der-kennedy.de\/wirvonderkennedyfinal\/wp-content\/uploads\/2024\/07\/20240620_080615-768x432.jpg 768w, https:\/\/wir-von-der-kennedy.de\/wirvonderkennedyfinal\/wp-content\/uploads\/2024\/07\/20240620_080615-1536x864.jpg 1536w, https:\/\/wir-von-der-kennedy.de\/wirvonderkennedyfinal\/wp-content\/uploads\/2024\/07\/20240620_080615-2048x1153.jpg 2048w\" sizes=\"auto, (max-width: 1024px) 100vw, 1024px\" \/><\/a><\/figure>\r\n\r\n\r\n\r\n<figure class=\"wp-block-image size-large\"><a href=\"https:\/\/wir-von-der-kennedy.de\/wirvonderkennedyfinal\/wp-content\/uploads\/2024\/07\/20240620_080746-scaled.jpg\"><img loading=\"lazy\" decoding=\"async\" width=\"1024\" height=\"576\" data-id=\"15751\" class=\"wp-image-15751\" src=\"https:\/\/wir-von-der-kennedy.de\/wirvonderkennedyfinal\/wp-content\/uploads\/2024\/07\/20240620_080746-1024x576.jpg\" alt=\"\" srcset=\"https:\/\/wir-von-der-kennedy.de\/wirvonderkennedyfinal\/wp-content\/uploads\/2024\/07\/20240620_080746-1024x576.jpg 1024w, https:\/\/wir-von-der-kennedy.de\/wirvonderkennedyfinal\/wp-content\/uploads\/2024\/07\/20240620_080746-300x169.jpg 300w, https:\/\/wir-von-der-kennedy.de\/wirvonderkennedyfinal\/wp-content\/uploads\/2024\/07\/20240620_080746-768x432.jpg 768w, https:\/\/wir-von-der-kennedy.de\/wirvonderkennedyfinal\/wp-content\/uploads\/2024\/07\/20240620_080746-1536x864.jpg 1536w, https:\/\/wir-von-der-kennedy.de\/wirvonderkennedyfinal\/wp-content\/uploads\/2024\/07\/20240620_080746-2048x1153.jpg 2048w\" sizes=\"auto, (max-width: 1024px) 100vw, 1024px\" \/><\/a><\/figure>\r\n\r\n\r\n\r\n<figure class=\"wp-block-image size-large\"><a href=\"https:\/\/wir-von-der-kennedy.de\/wirvonderkennedyfinal\/wp-content\/uploads\/2024\/07\/20240620_082658.jpg\"><img loading=\"lazy\" decoding=\"async\" width=\"911\" height=\"1024\" data-id=\"15753\" class=\"wp-image-15753\" src=\"https:\/\/wir-von-der-kennedy.de\/wirvonderkennedyfinal\/wp-content\/uploads\/2024\/07\/20240620_082658-911x1024.jpg\" alt=\"\" srcset=\"https:\/\/wir-von-der-kennedy.de\/wirvonderkennedyfinal\/wp-content\/uploads\/2024\/07\/20240620_082658-911x1024.jpg 911w, https:\/\/wir-von-der-kennedy.de\/wirvonderkennedyfinal\/wp-content\/uploads\/2024\/07\/20240620_082658-267x300.jpg 267w, https:\/\/wir-von-der-kennedy.de\/wirvonderkennedyfinal\/wp-content\/uploads\/2024\/07\/20240620_082658-768x864.jpg 768w, https:\/\/wir-von-der-kennedy.de\/wirvonderkennedyfinal\/wp-content\/uploads\/2024\/07\/20240620_082658-1366x1536.jpg 1366w, https:\/\/wir-von-der-kennedy.de\/wirvonderkennedyfinal\/wp-content\/uploads\/2024\/07\/20240620_082658-1821x2048.jpg 1821w, https:\/\/wir-von-der-kennedy.de\/wirvonderkennedyfinal\/wp-content\/uploads\/2024\/07\/20240620_082658.jpg 2042w\" sizes=\"auto, (max-width: 911px) 100vw, 911px\" \/><\/a><\/figure>\r\n\r\n\r\n\r\n<figure class=\"wp-block-image size-large\"><a href=\"https:\/\/wir-von-der-kennedy.de\/wirvonderkennedyfinal\/wp-content\/uploads\/2024\/07\/20240620_080849.jpg\"><img loading=\"lazy\" decoding=\"async\" width=\"1024\" height=\"922\" data-id=\"15752\" class=\"wp-image-15752\" src=\"https:\/\/wir-von-der-kennedy.de\/wirvonderkennedyfinal\/wp-content\/uploads\/2024\/07\/20240620_080849-1024x922.jpg\" alt=\"\" srcset=\"https:\/\/wir-von-der-kennedy.de\/wirvonderkennedyfinal\/wp-content\/uploads\/2024\/07\/20240620_080849-1024x922.jpg 1024w, https:\/\/wir-von-der-kennedy.de\/wirvonderkennedyfinal\/wp-content\/uploads\/2024\/07\/20240620_080849-300x270.jpg 300w, https:\/\/wir-von-der-kennedy.de\/wirvonderkennedyfinal\/wp-content\/uploads\/2024\/07\/20240620_080849-768x691.jpg 768w, https:\/\/wir-von-der-kennedy.de\/wirvonderkennedyfinal\/wp-content\/uploads\/2024\/07\/20240620_080849-1536x1382.jpg 1536w, https:\/\/wir-von-der-kennedy.de\/wirvonderkennedyfinal\/wp-content\/uploads\/2024\/07\/20240620_080849-2048x1843.jpg 2048w\" sizes=\"auto, (max-width: 1024px) 100vw, 1024px\" \/><\/a><\/figure>\r\n\r\n\r\n\r\n<figure class=\"wp-block-image size-large\"><a href=\"https:\/\/wir-von-der-kennedy.de\/wirvonderkennedyfinal\/wp-content\/uploads\/2024\/07\/20240620_080335-scaled.jpg\"><img loading=\"lazy\" decoding=\"async\" width=\"576\" height=\"1024\" data-id=\"15748\" class=\"wp-image-15748\" src=\"https:\/\/wir-von-der-kennedy.de\/wirvonderkennedyfinal\/wp-content\/uploads\/2024\/07\/20240620_080335-576x1024.jpg\" alt=\"\" srcset=\"https:\/\/wir-von-der-kennedy.de\/wirvonderkennedyfinal\/wp-content\/uploads\/2024\/07\/20240620_080335-576x1024.jpg 576w, https:\/\/wir-von-der-kennedy.de\/wirvonderkennedyfinal\/wp-content\/uploads\/2024\/07\/20240620_080335-169x300.jpg 169w, https:\/\/wir-von-der-kennedy.de\/wirvonderkennedyfinal\/wp-content\/uploads\/2024\/07\/20240620_080335-768x1365.jpg 768w, https:\/\/wir-von-der-kennedy.de\/wirvonderkennedyfinal\/wp-content\/uploads\/2024\/07\/20240620_080335-864x1536.jpg 864w, https:\/\/wir-von-der-kennedy.de\/wirvonderkennedyfinal\/wp-content\/uploads\/2024\/07\/20240620_080335-1153x2048.jpg 1153w, https:\/\/wir-von-der-kennedy.de\/wirvonderkennedyfinal\/wp-content\/uploads\/2024\/07\/20240620_080335-scaled.jpg 1441w\" sizes=\"auto, (max-width: 576px) 100vw, 576px\" \/><\/a><\/figure>\r\n<\/figure>\r\n\r\n\r\n\r\n<p class=\"has-white-color has-text-color has-link-color wp-elements-6728af331d6878aaeda9789fe1b6b338 wp-block-paragraph\">aaa<\/p>\r\n\r\n\r\n\r\n<p class=\"wp-block-paragraph\"><em>Bgs<\/em><\/p>\r\n\r\n\r\n\r\n<p class=\"has-white-color has-text-color has-link-color wp-elements-6728af331d6878aaeda9789fe1b6b338 wp-block-paragraph\">aaa<\/p>\r\n\r\n\r\n<hr class=\"wp-block-separator has-alpha-channel-opacity\" \/>\r\n\r\n\r\n<p class=\"has-white-color has-text-color has-link-color wp-elements-6728af331d6878aaeda9789fe1b6b338 wp-block-paragraph\">aaa<\/p>\r\n\r\n\r\n\r\n<p class=\"wp-block-paragraph\"><em><strong>Besuch der Gedenkst\u00e4tte Buchenwald<\/strong><\/em><\/p>\r\n\r\n\r\n\r\n<figure class=\"wp-block-image\"><a href=\"http:\/\/wir-von-der-kennedy.de\/wirvonderkennedyfinal\/wp-content\/uploads\/2016\/06\/DSCN2593.jpg\"><img loading=\"lazy\" decoding=\"async\" width=\"1024\" height=\"683\" class=\"wp-image-6636\" src=\"http:\/\/wir-von-der-kennedy.de\/wirvonderkennedyfinal\/wp-content\/uploads\/2016\/06\/DSCN2593-1024x683.jpg\" alt=\"DSCN2593\" srcset=\"https:\/\/wir-von-der-kennedy.de\/wirvonderkennedyfinal\/wp-content\/uploads\/2016\/06\/DSCN2593-1024x683.jpg 1024w, https:\/\/wir-von-der-kennedy.de\/wirvonderkennedyfinal\/wp-content\/uploads\/2016\/06\/DSCN2593-300x200.jpg 300w, https:\/\/wir-von-der-kennedy.de\/wirvonderkennedyfinal\/wp-content\/uploads\/2016\/06\/DSCN2593-768x512.jpg 768w\" sizes=\"auto, (max-width: 1024px) 100vw, 1024px\" \/><\/a><\/figure>\r\n\r\n\r\n\r\n<p class=\"wp-block-paragraph\">&nbsp;<\/p>\r\n\r\n\r\n\r\n<p class=\"wp-block-paragraph\">Kurz vor ihrem erfolgreichen Schulabschluss besuchten die drei Realschul-Abschlussklassen am 29. Juni 2016 mit ihren Geschichtslehrern\u00a0Norbert Bernges, Arno Menzel und Martin Wolfsholz die <strong>Gedenkst\u00e4tte Buchenwald<\/strong> nahe Weimar. Auf dem Gel\u00e4nde des ehemaligen Konzentrationslagers zeigten sich viele Sch\u00fclerinnen und Sch\u00fcler von den noch erhaltenen oder auch rekonstruierten Geb\u00e4uden sehr beeindruckt. Die\u00a0umfangreiche Ausstellung\u00a0mit zum Teil ersch\u00fctternden Exponaten lie\u00df\u00a0keinen kalt\u00a0und einige Sch\u00fclerinnen und Sch\u00fcler h\u00e4tten sich insgesamt mehr Zeit f\u00fcr den Aufenthalt in der Gedenkst\u00e4tte gew\u00fcnscht.\u00a0Dabei war das Programm inklusiver achtst\u00fcndiger Fahrt mit zwei Reisebussen ohnehin schon tagesf\u00fcllend.<br \/>Finanziell unterst\u00fctzt wurde die Fahrt dankenswerterweise vom Wetteraukreis, dessen Landrat Joachim Arnold daran gelegen ist, &#8222;dass\u00a0das dunkelste Kapitel deutscher Geschichte in unserer schnelllebigen Zeit nicht vergessen oder verdr\u00e4ngt&#8220; wird.<\/p>\r\n\r\n\r\n\r\n<p class=\"wp-block-paragraph\"><em>Whz<\/em><\/p>\r\n\r\n\r\n\r\n<p class=\"wp-block-paragraph\">&nbsp;<\/p>\r\n\r\n\r\n<hr class=\"wp-block-separator has-alpha-channel-opacity\" \/>\r\n\r\n\r\n<p class=\"wp-block-paragraph\">&nbsp;<\/p>\r\n\r\n\r\n\r\n<p class=\"wp-block-paragraph\"><em><strong>Nachdenken \u00fcber Identit\u00e4t<\/strong><\/em><\/p>\r\n\r\n\r\n\r\n<p class=\"wp-block-paragraph\"><em>J\u00fcdisches Museum on tour zu Gast an der John-F.-Kennedy-Schule<\/em><\/p>\r\n\r\n\r\n\r\n<p class=\"wp-block-paragraph\">Als eine von lediglich f\u00fcnf hessischen Schulen in diesem Jahr bekam die John-F.-Kennedy-Schule am Mittwoch, den 28.09.2016, Besuch vom J\u00fcdischen Museum on tour aus Berlin. Mit zwei Workshops in der Sch\u00fclerb\u00fccherei f\u00fcr die Klassen 8b von Frau Schr\u00f6der und 8c von Herrn Wolfsholz und eine kleine Ausstellung in der Mensa f\u00fcr weitere Schulklassen erm\u00f6glichten die Museumsmitarbeiter Johannes Schwarz, Ines Meyer-Kormes und Arnon Hampe den Sch\u00fclern eine Begegnung mit dem Judentum. Dabei stand jedoch nicht die reine Wissensvermittlung zum Thema im Mittelpunkt, sondern vielmehr ein Entdecken und Nachdenken \u00fcber Identit\u00e4t: Wer bin ich? Was macht mich aus? Was unterscheidet mich von einem j\u00fcdischen Menschen und welche Gemeinsamkeiten gibt es? Um diese Fragen zu beantworten, setzen sich die Sch\u00fcler in dem Workshop \u201eMeine Seite(n)\u201c mit sechs j\u00fcdischen Jugendlichen auseinander, die sie multimedial mit Fotos, Zeichnungen und kurzen Filmen auf Tablets kennenlernten.<\/p>\r\n\r\n\r\n\r\n<p class=\"wp-block-paragraph\">Auch in der Ausstellung ging man der Frage nach Gemeinsamkeiten und Unterschieden nach und pr\u00e4sentierte lebendiges Judentum. Im Zentrum standen hier f\u00fcnf gro\u00dfe W\u00fcrfel, die Sitzgelegenheit, Infotafel und Schaukasten zugleich waren. Dar\u00fcber hinaus gab es viele Exponate zum Anfassen oder gar zum Anziehen. Johannes Schwarz freute, dass die Kinder keine Ber\u00fchrungs\u00e4ngste h\u00e4tten und die Schule das mobile Museum \u201efreundlich und zugewandt\u201c empfangen habe. Er zeigte sich von den Sch\u00fclerinnen und Sch\u00fclern der John-F.-Kennedy-Schule beeindruckt: \u201eDas Sch\u00f6ne ist, dass die Kinder den Perspektivwechsel mitgemacht haben. Sich in jemanden hineinzuversetzen und das mit sich zu vergleichen!\u201c Das w\u00fcrde nicht an allen Schulen funktionieren.<\/p>\r\n\r\n\r\n\r\n<p class=\"wp-block-paragraph\"><a href=\"http:\/\/wir-von-der-kennedy.de\/wirvonderkennedyfinal\/wp-content\/uploads\/2016\/10\/Workshop-der-8b-mit-Johannes-Schwarz-1.jpg\"><img loading=\"lazy\" decoding=\"async\" class=\"alignnone wp-image-6776 size-medium\" src=\"http:\/\/wir-von-der-kennedy.de\/wirvonderkennedyfinal\/wp-content\/uploads\/2016\/10\/Workshop-der-8b-mit-Johannes-Schwarz-1-300x200.jpg\" alt=\"workshop-der-8b-mit-johannes-schwarz-1\" width=\"300\" height=\"200\" srcset=\"https:\/\/wir-von-der-kennedy.de\/wirvonderkennedyfinal\/wp-content\/uploads\/2016\/10\/Workshop-der-8b-mit-Johannes-Schwarz-1-300x200.jpg 300w, https:\/\/wir-von-der-kennedy.de\/wirvonderkennedyfinal\/wp-content\/uploads\/2016\/10\/Workshop-der-8b-mit-Johannes-Schwarz-1-768x512.jpg 768w, https:\/\/wir-von-der-kennedy.de\/wirvonderkennedyfinal\/wp-content\/uploads\/2016\/10\/Workshop-der-8b-mit-Johannes-Schwarz-1-1024x683.jpg 1024w\" sizes=\"auto, (max-width: 300px) 100vw, 300px\" \/>\u00a0<\/a> <a href=\"http:\/\/wir-von-der-kennedy.de\/wirvonderkennedyfinal\/wp-content\/uploads\/2016\/10\/Workshop-der-8b-mit-Johannes-Schwarz-2.jpg\"><img loading=\"lazy\" decoding=\"async\" class=\"alignnone wp-image-6777 size-medium\" src=\"http:\/\/wir-von-der-kennedy.de\/wirvonderkennedyfinal\/wp-content\/uploads\/2016\/10\/Workshop-der-8b-mit-Johannes-Schwarz-2-300x200.jpg\" alt=\"workshop-der-8b-mit-johannes-schwarz-2\" width=\"300\" height=\"200\" srcset=\"https:\/\/wir-von-der-kennedy.de\/wirvonderkennedyfinal\/wp-content\/uploads\/2016\/10\/Workshop-der-8b-mit-Johannes-Schwarz-2-300x200.jpg 300w, https:\/\/wir-von-der-kennedy.de\/wirvonderkennedyfinal\/wp-content\/uploads\/2016\/10\/Workshop-der-8b-mit-Johannes-Schwarz-2-768x512.jpg 768w, https:\/\/wir-von-der-kennedy.de\/wirvonderkennedyfinal\/wp-content\/uploads\/2016\/10\/Workshop-der-8b-mit-Johannes-Schwarz-2-1024x683.jpg 1024w\" sizes=\"auto, (max-width: 300px) 100vw, 300px\" \/><\/a><em><br \/>Fotos vom Workshop der Klasse 8c in der Sch\u00fclerb\u00fccherei<\/em><\/p>\r\n\r\n\r\n\r\n<figure class=\"wp-block-image\"><a href=\"http:\/\/wir-von-der-kennedy.de\/wirvonderkennedyfinal\/wp-content\/uploads\/2016\/10\/Workshop-der-8b-mit-Johannes-Schwarz-3.jpg\"><img loading=\"lazy\" decoding=\"async\" width=\"300\" height=\"200\" class=\"wp-image-6778\" src=\"http:\/\/wir-von-der-kennedy.de\/wirvonderkennedyfinal\/wp-content\/uploads\/2016\/10\/Workshop-der-8b-mit-Johannes-Schwarz-3-300x200.jpg\" alt=\"workshop-der-8b-mit-johannes-schwarz-3\" srcset=\"https:\/\/wir-von-der-kennedy.de\/wirvonderkennedyfinal\/wp-content\/uploads\/2016\/10\/Workshop-der-8b-mit-Johannes-Schwarz-3-300x200.jpg 300w, https:\/\/wir-von-der-kennedy.de\/wirvonderkennedyfinal\/wp-content\/uploads\/2016\/10\/Workshop-der-8b-mit-Johannes-Schwarz-3-768x512.jpg 768w, https:\/\/wir-von-der-kennedy.de\/wirvonderkennedyfinal\/wp-content\/uploads\/2016\/10\/Workshop-der-8b-mit-Johannes-Schwarz-3-1024x683.jpg 1024w\" sizes=\"auto, (max-width: 300px) 100vw, 300px\" \/><\/a><\/figure>\r\n\r\n\r\n\r\n<figure class=\"wp-block-image\"><a href=\"http:\/\/wir-von-der-kennedy.de\/wirvonderkennedyfinal\/wp-content\/uploads\/2016\/10\/Workshop-der-8b-mit-Johannes-Schwarz-4.jpg\"><img loading=\"lazy\" decoding=\"async\" width=\"300\" height=\"200\" class=\"wp-image-6779\" src=\"http:\/\/wir-von-der-kennedy.de\/wirvonderkennedyfinal\/wp-content\/uploads\/2016\/10\/Workshop-der-8b-mit-Johannes-Schwarz-4-300x200.jpg\" alt=\"workshop-der-8b-mit-johannes-schwarz-4\" srcset=\"https:\/\/wir-von-der-kennedy.de\/wirvonderkennedyfinal\/wp-content\/uploads\/2016\/10\/Workshop-der-8b-mit-Johannes-Schwarz-4-300x200.jpg 300w, https:\/\/wir-von-der-kennedy.de\/wirvonderkennedyfinal\/wp-content\/uploads\/2016\/10\/Workshop-der-8b-mit-Johannes-Schwarz-4-768x512.jpg 768w, https:\/\/wir-von-der-kennedy.de\/wirvonderkennedyfinal\/wp-content\/uploads\/2016\/10\/Workshop-der-8b-mit-Johannes-Schwarz-4-1024x683.jpg 1024w\" sizes=\"auto, (max-width: 300px) 100vw, 300px\" \/><\/a><\/figure>\r\n\r\n\r\n\r\n<p class=\"wp-block-paragraph\">&nbsp;<\/p>\r\n\r\n\r\n\r\n<p class=\"wp-block-paragraph\"><em><a href=\"http:\/\/wir-von-der-kennedy.de\/wirvonderkennedyfinal\/wp-content\/uploads\/2015\/02\/IMG_5693.jpg\"><img loading=\"lazy\" decoding=\"async\" class=\"alignnone wp-image-6800 size-medium\" src=\"http:\/\/wir-von-der-kennedy.de\/wirvonderkennedyfinal\/wp-content\/uploads\/2015\/02\/IMG_5693-300x200.jpg\" alt=\"img_5693\" width=\"300\" height=\"200\" srcset=\"https:\/\/wir-von-der-kennedy.de\/wirvonderkennedyfinal\/wp-content\/uploads\/2015\/02\/IMG_5693-300x200.jpg 300w, https:\/\/wir-von-der-kennedy.de\/wirvonderkennedyfinal\/wp-content\/uploads\/2015\/02\/IMG_5693-768x512.jpg 768w, https:\/\/wir-von-der-kennedy.de\/wirvonderkennedyfinal\/wp-content\/uploads\/2015\/02\/IMG_5693-1024x683.jpg 1024w\" sizes=\"auto, (max-width: 300px) 100vw, 300px\" \/><\/a>\u00a0 <a href=\"http:\/\/wir-von-der-kennedy.de\/wirvonderkennedyfinal\/wp-content\/uploads\/2015\/02\/IMG_5691.jpg\"><img loading=\"lazy\" decoding=\"async\" class=\"alignnone size-medium wp-image-6799\" src=\"http:\/\/wir-von-der-kennedy.de\/wirvonderkennedyfinal\/wp-content\/uploads\/2015\/02\/IMG_5691-300x200.jpg\" alt=\"img_5691\" width=\"300\" height=\"200\" srcset=\"https:\/\/wir-von-der-kennedy.de\/wirvonderkennedyfinal\/wp-content\/uploads\/2015\/02\/IMG_5691-300x200.jpg 300w, https:\/\/wir-von-der-kennedy.de\/wirvonderkennedyfinal\/wp-content\/uploads\/2015\/02\/IMG_5691-768x512.jpg 768w, https:\/\/wir-von-der-kennedy.de\/wirvonderkennedyfinal\/wp-content\/uploads\/2015\/02\/IMG_5691-1024x683.jpg 1024w\" sizes=\"auto, (max-width: 300px) 100vw, 300px\" \/><\/a><\/em><br \/><em>Weitere Fotos vom Besuch (Ausstellung in der Mensa; Tourbus)<\/em><\/p>\r\n\r\n\r\n\r\n<p class=\"wp-block-paragraph\"><a href=\"http:\/\/wir-von-der-kennedy.de\/wirvonderkennedyfinal\/wp-content\/uploads\/2015\/02\/IMG_5695.jpg\"><img loading=\"lazy\" decoding=\"async\" class=\"alignnone size-medium wp-image-6801\" src=\"http:\/\/wir-von-der-kennedy.de\/wirvonderkennedyfinal\/wp-content\/uploads\/2015\/02\/IMG_5695-300x200.jpg\" alt=\"img_5695\" width=\"300\" height=\"200\" srcset=\"https:\/\/wir-von-der-kennedy.de\/wirvonderkennedyfinal\/wp-content\/uploads\/2015\/02\/IMG_5695-300x200.jpg 300w, https:\/\/wir-von-der-kennedy.de\/wirvonderkennedyfinal\/wp-content\/uploads\/2015\/02\/IMG_5695-768x512.jpg 768w, https:\/\/wir-von-der-kennedy.de\/wirvonderkennedyfinal\/wp-content\/uploads\/2015\/02\/IMG_5695-1024x683.jpg 1024w\" sizes=\"auto, (max-width: 300px) 100vw, 300px\" \/><\/a>\u00a0 <a href=\"http:\/\/wir-von-der-kennedy.de\/wirvonderkennedyfinal\/wp-content\/uploads\/2015\/02\/IMG_5698.jpg\"><img loading=\"lazy\" decoding=\"async\" class=\"alignnone size-medium wp-image-6802\" src=\"http:\/\/wir-von-der-kennedy.de\/wirvonderkennedyfinal\/wp-content\/uploads\/2015\/02\/IMG_5698-300x200.jpg\" alt=\"img_5698\" width=\"300\" height=\"200\" srcset=\"https:\/\/wir-von-der-kennedy.de\/wirvonderkennedyfinal\/wp-content\/uploads\/2015\/02\/IMG_5698-300x200.jpg 300w, https:\/\/wir-von-der-kennedy.de\/wirvonderkennedyfinal\/wp-content\/uploads\/2015\/02\/IMG_5698-768x512.jpg 768w, https:\/\/wir-von-der-kennedy.de\/wirvonderkennedyfinal\/wp-content\/uploads\/2015\/02\/IMG_5698-1024x683.jpg 1024w\" sizes=\"auto, (max-width: 300px) 100vw, 300px\" \/><\/a><br \/><em>Whz<\/em><\/p>\r\n\r\n\r\n\r\n<p class=\"wp-block-paragraph\"><span style=\"color: #000000; font-family: Calibri;\">\u00a0<\/span><\/p>\r\n\r\n\r\n\r\n<p class=\"wp-block-paragraph\"><span style=\"color: #000000; font-family: Calibri;\">\u00a0<\/span><\/p>\r\n","protected":false},"excerpt":{"rendered":"<p>Aufgaben und Ziele des Faches \u00a0\u201eUnsere Gesellschaft braucht m\u00fcndige, informierte und politisch handlungsf\u00e4hige Sch\u00fclerinnen und Sch\u00fcler. Wie sie ihre Gegenwart und Zukunft gestalten, ist auch davon abh\u00e4ngig, wie sie Vergangenheit beurteilen. Hier liegt ein entscheidender Beitrag des Faches Geschichte zur politischen Bildung. Angesichts der F\u00fclle unseres Wissens \u00fcber vergangenes Geschehen ist es prinzipiell unm\u00f6glich, einen&#8230; <\/p>\n<div class=\"clear\"><\/div>\n<p><a href=\"https:\/\/wir-von-der-kennedy.de\/wirvonderkennedyfinal\/schulgemeinde\/faecher\/geschichte\/\" class=\"gdlr-info-font excerpt-read-more\">Read More<\/a><\/p>\n","protected":false},"author":16,"featured_media":0,"parent":58,"menu_order":0,"comment_status":"closed","ping_status":"closed","template":"","meta":{"_crdt_document":"","footnotes":""},"class_list":["post-187","page","type-page","status-publish","hentry"],"_links":{"self":[{"href":"https:\/\/wir-von-der-kennedy.de\/wirvonderkennedyfinal\/wp-json\/wp\/v2\/pages\/187","targetHints":{"allow":["GET"]}}],"collection":[{"href":"https:\/\/wir-von-der-kennedy.de\/wirvonderkennedyfinal\/wp-json\/wp\/v2\/pages"}],"about":[{"href":"https:\/\/wir-von-der-kennedy.de\/wirvonderkennedyfinal\/wp-json\/wp\/v2\/types\/page"}],"author":[{"embeddable":true,"href":"https:\/\/wir-von-der-kennedy.de\/wirvonderkennedyfinal\/wp-json\/wp\/v2\/users\/16"}],"replies":[{"embeddable":true,"href":"https:\/\/wir-von-der-kennedy.de\/wirvonderkennedyfinal\/wp-json\/wp\/v2\/comments?post=187"}],"version-history":[{"count":10,"href":"https:\/\/wir-von-der-kennedy.de\/wirvonderkennedyfinal\/wp-json\/wp\/v2\/pages\/187\/revisions"}],"predecessor-version":[{"id":16133,"href":"https:\/\/wir-von-der-kennedy.de\/wirvonderkennedyfinal\/wp-json\/wp\/v2\/pages\/187\/revisions\/16133"}],"up":[{"embeddable":true,"href":"https:\/\/wir-von-der-kennedy.de\/wirvonderkennedyfinal\/wp-json\/wp\/v2\/pages\/58"}],"wp:attachment":[{"href":"https:\/\/wir-von-der-kennedy.de\/wirvonderkennedyfinal\/wp-json\/wp\/v2\/media?parent=187"}],"curies":[{"name":"wp","href":"https:\/\/api.w.org\/{rel}","templated":true}]}}