{"id":198,"date":"2015-02-22T12:00:34","date_gmt":"2015-02-22T11:00:34","guid":{"rendered":"http:\/\/wir-von-der-kennedy.de\/wirvonderkennedy\/?page_id=198"},"modified":"2025-10-21T16:09:45","modified_gmt":"2025-10-21T14:09:45","slug":"religion-ethik","status":"publish","type":"page","link":"https:\/\/wir-von-der-kennedy.de\/wirvonderkennedyfinal\/schulgemeinde\/faecher\/religion-ethik\/","title":{"rendered":"Christliche Religion"},"content":{"rendered":"<h3><strong>Fachbereich\u00a0Christliche Religion<\/strong><br \/><strong>(evangelisch und katholisch)<\/strong><\/h3>\r\n<p><a href=\"http:\/\/wir-von-der-kennedy.de\/wirvonderkennedyfinal\/wp-content\/uploads\/2021\/11\/Bild-1.jpg\"><img loading=\"lazy\" decoding=\"async\" class=\"alignnone wp-image-12485\" src=\"http:\/\/wir-von-der-kennedy.de\/wirvonderkennedyfinal\/wp-content\/uploads\/2021\/11\/Bild-1-300x233.jpg\" alt=\"\" width=\"300\" height=\"233\" srcset=\"https:\/\/wir-von-der-kennedy.de\/wirvonderkennedyfinal\/wp-content\/uploads\/2021\/11\/Bild-1-300x233.jpg 300w, https:\/\/wir-von-der-kennedy.de\/wirvonderkennedyfinal\/wp-content\/uploads\/2021\/11\/Bild-1.jpg 626w\" sizes=\"auto, (max-width: 300px) 100vw, 300px\" \/><\/a><\/p>\r\n<p>\u201e\u2026Wie sollen wir den Weg gehen?\u201c<br \/>Jesus antwortet:\u00a0\u201eIch bin der Weg, die Wahrheit und das Leben; niemand kommt zum Vater au\u00dfer durch mich.\u201c<br \/>Joh 14,6<\/p>\r\n<p><em><strong>Grundlegung f\u00fcr das Unterrichtsfach Religion in den Jahrgangsstufen 5-10<\/strong><\/em><\/p>\r\n<p><u>Aufgaben und Ziele des Faches<\/u><\/p>\r\n<p>Wie kein anderes Unterrichtsfach fragt der Religionsunterricht auf der Grundlage reflektierter Tradition nach dem Ganzen und nach dem Sinn des menschlichen Lebens und der Welt. Er leistet einen eigenst\u00e4ndigen und unersetzlichen Beitrag zum Bildungs- und Erziehungsauftrag der Schule und zur Identit\u00e4tsfindung und Lebensbew\u00e4ltigung junger Menschen. Junge Menschen sollen ein freies, selbstbestimmtes Verh\u00e4ltnis zu Religion und Glauben gewinnen. Religionsm\u00fcndigkeit umfasst sowohl die Zustimmungsf\u00e4higkeit zu Bekenntnis und Lehre der eigenen Religion als auch Zugang zu der konkreten Lebensform der eigenen Glaubensgemeinschaft, die sich ausdr\u00fcckt in Liturgie, Ethos, Diakonie und Tradition.<\/p>\r\n<p>Die Entfaltung der Inhalte im Lehrplan in f\u00fcnf Begegnungsfelder liegt der Akzent darauf, dass im Bereich des religi\u00f6sen Lernens der Weg der Begegnung unabdingbar ist.<\/p>\r\n<ol>\r\n<li>Begegnung mit sich selbst<\/li>\r\n<li>Begegnung mit anderen Menschen und mit der Sch\u00f6pfung<\/li>\r\n<li>Begegnung mit anderen Religionen und Weltanschauungen<\/li>\r\n<li>Begegnung mit der biblischen Botschaft<\/li>\r\n<li>Begegnung mit der Kirche<\/li>\r\n<\/ol>\r\n<p>&nbsp;<\/p>\r\n<p><strong><em>Jesus segnet die Kinder<\/em><\/strong><\/p>\r\n<p>Die Menschen brachten ihre Kinder zu Jesus.\u00a0Sie wollten, dass er sie mit seinen H\u00e4nden ber\u00fchrte.\u00a0Die J\u00fcnger aber dr\u00e4ngten die Leute unfreundlich zur Seite.\u00a0Als Jesus das sah, wurde er zornig und sagte zu ihnen:\u00a0\u201eLasst die Kinder zu mir kommen.\u00a0Haltet sie nicht zur\u00fcck, denn ihnen geh\u00f6rt das Reich Gottes. Amen.\u00a0Das sage ich euch: Wer an das Reich Gottes nicht so glaubt wie ein Kind, der wird nicht hineinkommen.\u201c\u00a0Dann breitete er seine H\u00e4nde \u00fcber sie aus und segnete sie.<\/p>\r\n<p><a href=\"http:\/\/wir-von-der-kennedy.de\/wirvonderkennedyfinal\/wp-content\/uploads\/2021\/11\/Bild-2.jpg\"><img loading=\"lazy\" decoding=\"async\" class=\"wp-image-12486 size-large alignnone\" src=\"http:\/\/wir-von-der-kennedy.de\/wirvonderkennedyfinal\/wp-content\/uploads\/2021\/11\/Bild-2-1024x576.jpg\" alt=\"\" width=\"960\" height=\"540\" srcset=\"https:\/\/wir-von-der-kennedy.de\/wirvonderkennedyfinal\/wp-content\/uploads\/2021\/11\/Bild-2-1024x576.jpg 1024w, https:\/\/wir-von-der-kennedy.de\/wirvonderkennedyfinal\/wp-content\/uploads\/2021\/11\/Bild-2-300x169.jpg 300w, https:\/\/wir-von-der-kennedy.de\/wirvonderkennedyfinal\/wp-content\/uploads\/2021\/11\/Bild-2-768x432.jpg 768w, https:\/\/wir-von-der-kennedy.de\/wirvonderkennedyfinal\/wp-content\/uploads\/2021\/11\/Bild-2.jpg 1280w\" sizes=\"auto, (max-width: 960px) 100vw, 960px\" \/><\/a><\/p>\r\n<p>Die Kinder und Jugendlichen nehmen Jesu Angebot wahr, indem sie sich entscheiden, den christlichen Religionsunterricht zu besuchen.<br \/>Warum?<br \/>Sie sollen selbst zu Wort kommen:<\/p>\r\n<p><span style=\"color: #800000;\">\u201eIch finde es wichtig, dass wir \u00fcber unseren Glauben informiert werden\u2026Ich freue mich auf den Unterricht, weil mir meine Lehrerin Fragen, die ich mir stelle, verst\u00e4ndnisvoll erl\u00e4utern kann. Es ist auch interessant, etwas \u00fcber die religi\u00f6se Kultur meiner syrisch-orthodoxen Mitsch\u00fcler zu erfahren, um Gemeinsamkeiten oder Abweichungen feststellen zu k\u00f6nnen\u2026 Der Unterricht bringt mich weiter, denn ich bekomme Wege gezeigt, mein Leben zu f\u00fchren, die ich annehmen kann\u2026\u201c<\/span><\/p>\r\n<p><em><span style=\"color: #800000;\">Lukas, 17 Jahre<\/span><\/em><\/p>\r\n<p><span style=\"color: #0000ff;\">\u201eIch lebe nach dem katholischen Glauben und m\u00f6chte gern mehr dar\u00fcber erfahren. Der Religionsunterricht festigt den Glauben, er ist hilfreich, alles zu verstehen und zu verinnerlichen\u2026Ich besuche den Unterricht gerne, denn er ist sehr abwechslungsreich gestaltet. Wir bearbeiten Themen, die uns helfen, den Alltag zu meistern. Der Unterricht hilft mir meinen Weg mit Gott zu gehen und gibt mir den Mut und die Kraft zu glauben.\u201c<\/span><\/p>\r\n<p><em><span style=\"color: #0000ff;\">Anna, 17 Jahre<\/span><\/em><\/p>\r\n<p><span style=\"color: #bd3131;\">\u201eDer Religionsunterricht entspricht unserem Glauben. Er wird vielseitig gestaltet, was unser Interesse weckt. Hier wird uns vieles beigebracht, wodurch wir unseren Glauben besser kennen lernen. Wir diskutieren \u00fcber viele Themen, bekommen die Chance, unsere Meinung zu \u00e4u\u00dfern. Die Themen werden mit Hilfe von Beispielen gr\u00fcndlich bearbeitet, was uns das Verstehen erleichtert\u2026Der Unterrich hilft uns, in unserem Alltag zu denken und zu handeln.\u201c<\/span><\/p>\r\n<p><em><span style=\"color: #bd3131;\">Paula, 17 Jahre \/ Christa, 17 Jahre<\/span><\/em><\/p>\r\n<p><span style=\"color: #008080;\">\u201eIch interessiere mich daf\u00fcr, mehr \u00fcber Jesus zu erfahren\u2026Wir haben eine sehr gute Lehrerin, die Uns viel beibringt. Gut gef\u00e4llt mir vor allem, dass sich meist die ganze Gruppe beteiligt. Der Unterricht bringt mich auch weiter im Hinblick auf die weiterf\u00fchrende Schule.<\/span><\/p>\r\n<p><em><span style=\"color: #008080;\">Patrick, 17 Jahre<\/span><\/em><\/p>\r\n<p><span style=\"color: #000080;\">\u201eIch bin evangelisch, interessiere mich aber auch f\u00fcr die katholische Religion\u2026Mir gef\u00e4llt, dass ich manchmal Dinge aus einem anderen Blickwinkel erfahre. Ich besuche den Unterricht gerne, weil er meine Meinung zur Religion ein St\u00fcck weit erweitert \u2013 sogar ver\u00e4ndert. Vielleicht gibt es in meinem Leben einmal eine Situation, in der ich die Religion brauchen werde.\u201c<\/span><\/p>\r\n<p><em><span style=\"color: #000080;\">Julia, 17 Jahre<\/span><\/em><\/p>\r\n<p>Jesu Auftrag an seine J\u00fcnger:<br \/>\u201e\u2026 und lehrt die Menschen, alles zu befolgen, was ich euch gesagt habe. Seid gewiss: Ich bin bei euch alle Tage bis zum Ende der Welt.\u201c<br \/>Mt 28,20<\/p>\r\n<p><a href=\"http:\/\/wir-von-der-kennedy.de\/wirvonderkennedyfinal\/wp-content\/uploads\/2021\/11\/Bild-3.jpg\"><img loading=\"lazy\" decoding=\"async\" class=\"alignnone size-medium wp-image-12487\" src=\"http:\/\/wir-von-der-kennedy.de\/wirvonderkennedyfinal\/wp-content\/uploads\/2021\/11\/Bild-3-253x300.jpg\" alt=\"\" width=\"253\" height=\"300\" srcset=\"https:\/\/wir-von-der-kennedy.de\/wirvonderkennedyfinal\/wp-content\/uploads\/2021\/11\/Bild-3-253x300.jpg 253w, https:\/\/wir-von-der-kennedy.de\/wirvonderkennedyfinal\/wp-content\/uploads\/2021\/11\/Bild-3.jpg 422w\" sizes=\"auto, (max-width: 253px) 100vw, 253px\" \/><\/a> <a href=\"http:\/\/wir-von-der-kennedy.de\/wirvonderkennedyfinal\/wp-content\/uploads\/2021\/11\/Bild-4.png\"><img loading=\"lazy\" decoding=\"async\" class=\"alignnone size-medium wp-image-12488\" src=\"http:\/\/wir-von-der-kennedy.de\/wirvonderkennedyfinal\/wp-content\/uploads\/2021\/11\/Bild-4-225x300.png\" alt=\"\" width=\"225\" height=\"300\" srcset=\"https:\/\/wir-von-der-kennedy.de\/wirvonderkennedyfinal\/wp-content\/uploads\/2021\/11\/Bild-4-225x300.png 225w, https:\/\/wir-von-der-kennedy.de\/wirvonderkennedyfinal\/wp-content\/uploads\/2021\/11\/Bild-4.png 634w\" sizes=\"auto, (max-width: 225px) 100vw, 225px\" \/><\/a><\/p>\r\n\r\n<p class=\"has-white-color has-text-color has-link-color wp-elements-6728af331d6878aaeda9789fe1b6b338 wp-block-paragraph\">aaa<\/p>\r\n\r\n\r\n\r\n<p class=\"wp-block-paragraph\">\u00a0 \u058d\u00a0 <a href=\"https:\/\/wir-von-der-kennedy.de\/wirvonderkennedyfinal\/schulgemeinde\/faecher\/arbeitslehre\/\">Arbeitslehre<\/a>\u00a0 \u058d\u00a0 <a href=\"https:\/\/wir-von-der-kennedy.de\/wirvonderkennedyfinal\/schulgemeinde\/faecher\/biologie\/\">Biologie<\/a>\u00a0 \u058d\u00a0 <a href=\"https:\/\/wir-von-der-kennedy.de\/wirvonderkennedyfinal\/schulgemeinde\/faecher\/chemie\/\">Chemie<\/a>\u00a0 \u058d\u00a0 <a href=\"https:\/\/wir-von-der-kennedy.de\/wirvonderkennedyfinal\/schulgemeinde\/faecher\/religion-ethik\/\">Christliche Religion<\/a><br \/>\u00a0 \u058d\u00a0 <a href=\"https:\/\/wir-von-der-kennedy.de\/wirvonderkennedyfinal\/schulgemeinde\/faecher\/deutsch\/\">Deutsch<\/a>\u00a0 \u058d\u00a0 <a href=\"https:\/\/wir-von-der-kennedy.de\/wirvonderkennedyfinal\/schulgemeinde\/faecher\/englisch\/\">Englisch<\/a>\u00a0 \u058d\u00a0 <a href=\"https:\/\/wir-von-der-kennedy.de\/wirvonderkennedyfinal\/schulgemeinde\/faecher\/erdkunde\/\">Geographie<\/a>\u00a0 \u058d\u00a0 <a href=\"https:\/\/wir-von-der-kennedy.de\/wirvonderkennedyfinal\/ethik\/\">Ethik<\/a>\u00a0<br \/>\u00a0 \u058d\u00a0 <a href=\"https:\/\/wir-von-der-kennedy.de\/wirvonderkennedyfinal\/schulgemeinde\/faecher\/informatik\/\">Informatik<\/a>\u00a0 \u058d\u00a0 <a href=\"https:\/\/wir-von-der-kennedy.de\/wirvonderkennedyfinal\/schulgemeinde\/faecher\/kunst\/\">Kunst<\/a>\u00a0 \u058d\u00a0 <a href=\"https:\/\/wir-von-der-kennedy.de\/wirvonderkennedyfinal\/schulgemeinde\/faecher\/mathematik\/\">Mathematik<\/a>\u00a0 \u058d\u00a0 <a href=\"https:\/\/wir-von-der-kennedy.de\/wirvonderkennedyfinal\/schulgemeinde\/faecher\/musik\/\">Musik<\/a><br \/>\u00a0 \u058d\u00a0 <a href=\"https:\/\/wir-von-der-kennedy.de\/wirvonderkennedyfinal\/schulgemeinde\/faecher\/physik\/\">Physik<\/a>\u00a0 \u058d\u00a0 <a href=\"https:\/\/wir-von-der-kennedy.de\/wirvonderkennedyfinal\/schulgemeinde\/faecher\/politik-und-wirtschaft\/\">Politik und Wirtschaft<\/a>\u00a0 \u058d\u00a0 <a href=\"https:\/\/wir-von-der-kennedy.de\/wirvonderkennedyfinal\/schulgemeinde\/faecher\/sport\/\">Sport<\/a>\u00a0 \u058d\u00a0 <a href=\"https:\/\/wir-von-der-kennedy.de\/wirvonderkennedyfinal\/schulgemeinde\/faecher\/wahlpflichtunterricht\/\">Wahlpflicht<\/a>\u00a0<\/p>\r\n","protected":false},"excerpt":{"rendered":"<p>Fachbereich\u00a0Christliche Religion(evangelisch und katholisch) \u201e\u2026Wie sollen wir den Weg gehen?\u201cJesus antwortet:\u00a0\u201eIch bin der Weg, die Wahrheit und das Leben; niemand kommt zum Vater au\u00dfer durch mich.\u201cJoh 14,6 Grundlegung f\u00fcr das Unterrichtsfach Religion in den Jahrgangsstufen 5-10 Aufgaben und Ziele des Faches Wie kein anderes Unterrichtsfach fragt der Religionsunterricht auf der Grundlage reflektierter Tradition nach dem&#8230; <\/p>\n<div class=\"clear\"><\/div>\n<p><a href=\"https:\/\/wir-von-der-kennedy.de\/wirvonderkennedyfinal\/schulgemeinde\/faecher\/religion-ethik\/\" class=\"gdlr-info-font excerpt-read-more\">Read More<\/a><\/p>\n","protected":false},"author":16,"featured_media":0,"parent":58,"menu_order":0,"comment_status":"closed","ping_status":"closed","template":"","meta":{"_crdt_document":"","footnotes":""},"class_list":["post-198","page","type-page","status-publish","hentry"],"_links":{"self":[{"href":"https:\/\/wir-von-der-kennedy.de\/wirvonderkennedyfinal\/wp-json\/wp\/v2\/pages\/198","targetHints":{"allow":["GET"]}}],"collection":[{"href":"https:\/\/wir-von-der-kennedy.de\/wirvonderkennedyfinal\/wp-json\/wp\/v2\/pages"}],"about":[{"href":"https:\/\/wir-von-der-kennedy.de\/wirvonderkennedyfinal\/wp-json\/wp\/v2\/types\/page"}],"author":[{"embeddable":true,"href":"https:\/\/wir-von-der-kennedy.de\/wirvonderkennedyfinal\/wp-json\/wp\/v2\/users\/16"}],"replies":[{"embeddable":true,"href":"https:\/\/wir-von-der-kennedy.de\/wirvonderkennedyfinal\/wp-json\/wp\/v2\/comments?post=198"}],"version-history":[{"count":10,"href":"https:\/\/wir-von-der-kennedy.de\/wirvonderkennedyfinal\/wp-json\/wp\/v2\/pages\/198\/revisions"}],"predecessor-version":[{"id":16627,"href":"https:\/\/wir-von-der-kennedy.de\/wirvonderkennedyfinal\/wp-json\/wp\/v2\/pages\/198\/revisions\/16627"}],"up":[{"embeddable":true,"href":"https:\/\/wir-von-der-kennedy.de\/wirvonderkennedyfinal\/wp-json\/wp\/v2\/pages\/58"}],"wp:attachment":[{"href":"https:\/\/wir-von-der-kennedy.de\/wirvonderkennedyfinal\/wp-json\/wp\/v2\/media?parent=198"}],"curies":[{"name":"wp","href":"https:\/\/api.w.org\/{rel}","templated":true}]}}