{"id":200,"date":"2015-02-22T12:01:06","date_gmt":"2015-02-22T11:01:06","guid":{"rendered":"http:\/\/wir-von-der-kennedy.de\/wirvonderkennedy\/?page_id=200"},"modified":"2025-10-21T16:56:13","modified_gmt":"2025-10-21T14:56:13","slug":"erdkunde","status":"publish","type":"page","link":"https:\/\/wir-von-der-kennedy.de\/wirvonderkennedyfinal\/schulgemeinde\/faecher\/erdkunde\/","title":{"rendered":"Geographie"},"content":{"rendered":"\r\n<div class=\"floatbox\">\r\n<div class=\"floatbox\">Das Fach \u201eGeographie\u201c wird an unserer Schule in der Klassenstufen 5 und 6 der<br \/>F\u00f6rderstufe, in den Klassenstufen 8 und 9 der Hauptschule sowie in den Klassenstufen 9<br \/>und 10 der Realschule unterrichtet.<\/div>\r\n<div class=\"floatbox\">F\u00fcr die Klassenstufe 7 des Hauptschulzweiges und f\u00fcr die Klassenstufen 7 und 8 des<br \/>Realschulzweiges ist laut Stundentafel des Hessischen Kultusministeriums kein<br \/>Geographieunterricht vorgesehen.<\/div>\r\n<\/div>\r\n\r\n\r\n\r\n<div>\u00a0<\/div>\r\n\r\n\r\n\r\n<div class=\"floatbox\">Der Unterricht in der F\u00f6rderstufe (jeweils 2 Wochenstunden) beinhaltet unter anderem<br \/>Themen wie \u201eNeue Schule, neue Klasse\u201c, \u201eOrientierung\u201c, \u201edie Erde \u2013 Sonnensystem,<br \/>Planeten, Kontinente und Ozeane\u201c, \u201eDeutschland\u201c und \u201eEuropa\u201c sowie \u201eLeben in der<br \/>kalten\/warmen Zone\u201c. Au\u00dferdem erlernen die Sch\u00fclerinnen und Sch\u00fcler den Umgang<br \/>mit dem Atlas und anderem Kartenmaterial, das Orientieren im Gel\u00e4nde mit dem<br \/>Kompass, das Zeichnen von Kartenskizzen oder die Interpretation von Bildern.<\/div>\r\n\r\n\r\n\r\n<div>\u00a0<\/div>\r\n\r\n\r\n\r\n<div class=\"floatbox\">Der Geographieunterricht der Klassen 9 und 10 der Realschule beziehungsweise der<br \/>Klassen 8 und 9 der Hauptschule hat unter anderem die Themen \u201eEntstehung und<br \/>Aufbau der Erde\u201c, \u201eWetter und Klima\u201c, Klimazonen der Erde\u201c, \u201eGlobalisierung\u201c,<br \/>\u201eStrukturwandel in Deutschland\u201c oder \u201eDie Welt im 21. Jahrhundert\u201c zum Inhalt. Die<br \/>Sch\u00fclerinnen und Sch\u00fcler lernen Karikaturen auszuwerten, Wetterkarten zu lesen,<br \/>Klimadiagramme zu zeichnen, zu lesen und zu erl\u00e4utern, Profile zu zeichnen oder Erkundigungen \u00fcber einen Raum zu t\u00e4tigen.<\/div>\r\n\r\n\r\n\r\n<div>\u00a0<\/div>\r\n\r\n\r\n\r\n<div class=\"floatbox\">An vielen Stellen bietet der Geographieunterricht die M\u00f6glichkeit f\u00e4cher\u00fcbergreifend (z.B.<br \/>mit den F\u00e4chern Biologie, Geschichte, Physik oder Powi) zu arbeiten.<\/div>\r\n\r\n\r\n\r\n<div>\u00a0<\/div>\r\n\r\n\r\n\r\n<div class=\"floatbox\">Geographieunterricht bedeutet also nicht nur zu erfahren \u201eWas liegt wo?\u201c, sondern<br \/>besch\u00e4ftigt sich vielmehr mit dem naturwissenschaftlichen und<br \/>gesellschaftswissenschaftlichen Umfeld der Erde und mit der Anwendung fachspezifischer Methoden mit Blick auf das System Mensch-Erde-Mensch. Der Mensch wirkt auf die Erde ein, und die Erde wirkt auf das Leben des Menschen.<\/div>\r\n\r\n\r\n\r\n<p class=\"has-white-color has-text-color has-link-color wp-elements-6728af331d6878aaeda9789fe1b6b338 wp-block-paragraph\">aaa<\/p>\r\n\r\n\r\n\r\n<p class=\"wp-block-paragraph\">\u00a0 \u058d\u00a0 <a href=\"https:\/\/wir-von-der-kennedy.de\/wirvonderkennedyfinal\/schulgemeinde\/faecher\/arbeitslehre\/\">Arbeitslehre<\/a>\u00a0 \u058d\u00a0 <a href=\"https:\/\/wir-von-der-kennedy.de\/wirvonderkennedyfinal\/schulgemeinde\/faecher\/biologie\/\">Biologie<\/a>\u00a0 \u058d\u00a0 <a href=\"https:\/\/wir-von-der-kennedy.de\/wirvonderkennedyfinal\/schulgemeinde\/faecher\/chemie\/\">Chemie<\/a>\u00a0 \u058d\u00a0 <a href=\"https:\/\/wir-von-der-kennedy.de\/wirvonderkennedyfinal\/schulgemeinde\/faecher\/religion-ethik\/\">Christliche Religion<\/a><br \/>\u00a0 \u058d\u00a0 <a href=\"https:\/\/wir-von-der-kennedy.de\/wirvonderkennedyfinal\/schulgemeinde\/faecher\/deutsch\/\">Deutsch<\/a>\u00a0 \u058d\u00a0 <a href=\"https:\/\/wir-von-der-kennedy.de\/wirvonderkennedyfinal\/schulgemeinde\/faecher\/englisch\/\">Englisch<\/a>\u00a0 \u058d\u00a0 <a href=\"https:\/\/wir-von-der-kennedy.de\/wirvonderkennedyfinal\/schulgemeinde\/faecher\/erdkunde\/\">Geographie<\/a>\u00a0 \u058d\u00a0 <a href=\"https:\/\/wir-von-der-kennedy.de\/wirvonderkennedyfinal\/ethik\/\">Ethik<\/a>\u00a0<br \/>\u00a0 \u058d\u00a0 <a href=\"https:\/\/wir-von-der-kennedy.de\/wirvonderkennedyfinal\/schulgemeinde\/faecher\/informatik\/\">Informatik<\/a>\u00a0 \u058d\u00a0 <a href=\"https:\/\/wir-von-der-kennedy.de\/wirvonderkennedyfinal\/schulgemeinde\/faecher\/kunst\/\">Kunst<\/a>\u00a0 \u058d\u00a0 <a href=\"https:\/\/wir-von-der-kennedy.de\/wirvonderkennedyfinal\/schulgemeinde\/faecher\/mathematik\/\">Mathematik<\/a>\u00a0 \u058d\u00a0 <a href=\"https:\/\/wir-von-der-kennedy.de\/wirvonderkennedyfinal\/schulgemeinde\/faecher\/musik\/\">Musik<\/a><br \/>\u00a0 \u058d\u00a0 <a href=\"https:\/\/wir-von-der-kennedy.de\/wirvonderkennedyfinal\/schulgemeinde\/faecher\/physik\/\">Physik<\/a>\u00a0 \u058d\u00a0 <a href=\"https:\/\/wir-von-der-kennedy.de\/wirvonderkennedyfinal\/schulgemeinde\/faecher\/politik-und-wirtschaft\/\">Politik und Wirtschaft<\/a>\u00a0 \u058d\u00a0 <a href=\"https:\/\/wir-von-der-kennedy.de\/wirvonderkennedyfinal\/schulgemeinde\/faecher\/sport\/\">Sport<\/a>\u00a0 \u058d\u00a0 <a href=\"https:\/\/wir-von-der-kennedy.de\/wirvonderkennedyfinal\/schulgemeinde\/faecher\/wahlpflichtunterricht\/\">Wahlpflicht<\/a>\u00a0<\/p>\r\n","protected":false},"excerpt":{"rendered":"<p>Das Fach \u201eGeographie\u201c wird an unserer Schule in der Klassenstufen 5 und 6 derF\u00f6rderstufe, in den Klassenstufen 8 und 9 der Hauptschule sowie in den Klassenstufen 9und 10 der Realschule unterrichtet. F\u00fcr die Klassenstufe 7 des Hauptschulzweiges und f\u00fcr die Klassenstufen 7 und 8 desRealschulzweiges ist laut Stundentafel des Hessischen Kultusministeriums keinGeographieunterricht vorgesehen. \u00a0 Der&#8230; <\/p>\n<div class=\"clear\"><\/div>\n<p><a href=\"https:\/\/wir-von-der-kennedy.de\/wirvonderkennedyfinal\/schulgemeinde\/faecher\/erdkunde\/\" class=\"gdlr-info-font excerpt-read-more\">Read More<\/a><\/p>\n","protected":false},"author":16,"featured_media":0,"parent":58,"menu_order":0,"comment_status":"closed","ping_status":"closed","template":"","meta":{"_crdt_document":"","footnotes":""},"class_list":["post-200","page","type-page","status-publish","hentry"],"_links":{"self":[{"href":"https:\/\/wir-von-der-kennedy.de\/wirvonderkennedyfinal\/wp-json\/wp\/v2\/pages\/200","targetHints":{"allow":["GET"]}}],"collection":[{"href":"https:\/\/wir-von-der-kennedy.de\/wirvonderkennedyfinal\/wp-json\/wp\/v2\/pages"}],"about":[{"href":"https:\/\/wir-von-der-kennedy.de\/wirvonderkennedyfinal\/wp-json\/wp\/v2\/types\/page"}],"author":[{"embeddable":true,"href":"https:\/\/wir-von-der-kennedy.de\/wirvonderkennedyfinal\/wp-json\/wp\/v2\/users\/16"}],"replies":[{"embeddable":true,"href":"https:\/\/wir-von-der-kennedy.de\/wirvonderkennedyfinal\/wp-json\/wp\/v2\/comments?post=200"}],"version-history":[{"count":10,"href":"https:\/\/wir-von-der-kennedy.de\/wirvonderkennedyfinal\/wp-json\/wp\/v2\/pages\/200\/revisions"}],"predecessor-version":[{"id":16640,"href":"https:\/\/wir-von-der-kennedy.de\/wirvonderkennedyfinal\/wp-json\/wp\/v2\/pages\/200\/revisions\/16640"}],"up":[{"embeddable":true,"href":"https:\/\/wir-von-der-kennedy.de\/wirvonderkennedyfinal\/wp-json\/wp\/v2\/pages\/58"}],"wp:attachment":[{"href":"https:\/\/wir-von-der-kennedy.de\/wirvonderkennedyfinal\/wp-json\/wp\/v2\/media?parent=200"}],"curies":[{"name":"wp","href":"https:\/\/api.w.org\/{rel}","templated":true}]}}

<div class="floatbox">
<div class="floatbox">Das Fach „Geographie“ wird an unserer Schule in der Klassenstufen 5 und 6 der<br />Förderstufe, in den Klassenstufen 8 und 9 der Hauptschule sowie in den Klassenstufen 9<br />und 10 der Realschule unterrichtet.</div>
<div class="floatbox">Für die Klassenstufe 7 des Hauptschulzweiges und für die Klassenstufen 7 und 8 des<br />Realschulzweiges ist laut Stundentafel des Hessischen Kultusministeriums kein<br />Geographieunterricht vorgesehen.</div>
</div>



<div> </div>



<div class="floatbox">Der Unterricht in der Förderstufe (jeweils 2 Wochenstunden) beinhaltet unter anderem<br />Themen wie „Neue Schule, neue Klasse“, „Orientierung“, „die Erde – Sonnensystem,<br />Planeten, Kontinente und Ozeane“, „Deutschland“ und „Europa“ sowie „Leben in der<br />kalten/warmen Zone“. Außerdem erlernen die Schülerinnen und Schüler den Umgang<br />mit dem Atlas und anderem Kartenmaterial, das Orientieren im Gelände mit dem<br />Kompass, das Zeichnen von Kartenskizzen oder die Interpretation von Bildern.</div>



<div> </div>



<div class="floatbox">Der Geographieunterricht der Klassen 9 und 10 der Realschule beziehungsweise der<br />Klassen 8 und 9 der Hauptschule hat unter anderem die Themen „Entstehung und<br />Aufbau der Erde“, „Wetter und Klima“, Klimazonen der Erde“, „Globalisierung“,<br />„Strukturwandel in Deutschland“ oder „Die Welt im 21. Jahrhundert“ zum Inhalt. Die<br />Schülerinnen und Schüler lernen Karikaturen auszuwerten, Wetterkarten zu lesen,<br />Klimadiagramme zu zeichnen, zu lesen und zu erläutern, Profile zu zeichnen oder Erkundigungen über einen Raum zu tätigen.</div>



<div> </div>



<div class="floatbox">An vielen Stellen bietet der Geographieunterricht die Möglichkeit fächerübergreifend (z.B.<br />mit den Fächern Biologie, Geschichte, Physik oder Powi) zu arbeiten.</div>



<div> </div>



<div class="floatbox">Geographieunterricht bedeutet also nicht nur zu erfahren „Was liegt wo?“, sondern<br />beschäftigt sich vielmehr mit dem naturwissenschaftlichen und<br />gesellschaftswissenschaftlichen Umfeld der Erde und mit der Anwendung fachspezifischer Methoden mit Blick auf das System Mensch-Erde-Mensch. Der Mensch wirkt auf die Erde ein, und die Erde wirkt auf das Leben des Menschen.</div>



<p class="has-white-color has-text-color has-link-color wp-elements-6728af331d6878aaeda9789fe1b6b338 wp-block-paragraph">aaa</p>



<p class="wp-block-paragraph">  ֍  <a href="https://wir-von-der-kennedy.de/wirvonderkennedyfinal/schulgemeinde/faecher/arbeitslehre/">Arbeitslehre</a>  ֍  <a href="https://wir-von-der-kennedy.de/wirvonderkennedyfinal/schulgemeinde/faecher/biologie/">Biologie</a>  ֍  <a href="https://wir-von-der-kennedy.de/wirvonderkennedyfinal/schulgemeinde/faecher/chemie/">Chemie</a>  ֍  <a href="https://wir-von-der-kennedy.de/wirvonderkennedyfinal/schulgemeinde/faecher/religion-ethik/">Christliche Religion</a><br />  ֍  <a href="https://wir-von-der-kennedy.de/wirvonderkennedyfinal/schulgemeinde/faecher/deutsch/">Deutsch</a>  ֍  <a href="https://wir-von-der-kennedy.de/wirvonderkennedyfinal/schulgemeinde/faecher/englisch/">Englisch</a>  ֍  <a href="https://wir-von-der-kennedy.de/wirvonderkennedyfinal/schulgemeinde/faecher/erdkunde/">Geographie</a>  ֍  <a href="https://wir-von-der-kennedy.de/wirvonderkennedyfinal/ethik/">Ethik</a> <br />  ֍  <a href="https://wir-von-der-kennedy.de/wirvonderkennedyfinal/schulgemeinde/faecher/informatik/">Informatik</a>  ֍  <a href="https://wir-von-der-kennedy.de/wirvonderkennedyfinal/schulgemeinde/faecher/kunst/">Kunst</a>  ֍  <a href="https://wir-von-der-kennedy.de/wirvonderkennedyfinal/schulgemeinde/faecher/mathematik/">Mathematik</a>  ֍  <a href="https://wir-von-der-kennedy.de/wirvonderkennedyfinal/schulgemeinde/faecher/musik/">Musik</a><br />  ֍  <a href="https://wir-von-der-kennedy.de/wirvonderkennedyfinal/schulgemeinde/faecher/physik/">Physik</a>  ֍  <a href="https://wir-von-der-kennedy.de/wirvonderkennedyfinal/schulgemeinde/faecher/politik-und-wirtschaft/">Politik und Wirtschaft</a>  ֍  <a href="https://wir-von-der-kennedy.de/wirvonderkennedyfinal/schulgemeinde/faecher/sport/">Sport</a>  ֍  <a href="https://wir-von-der-kennedy.de/wirvonderkennedyfinal/schulgemeinde/faecher/wahlpflichtunterricht/">Wahlpflicht</a> </p>

<p>Das Fach „Geographie“ wird an unserer Schule in der Klassenstufen 5 und 6 derFörderstufe, in den Klassenstufen 8 und 9 der Hauptschule sowie in den Klassenstufen 9und 10 der Realschule unterrichtet. Für die Klassenstufe 7 des Hauptschulzweiges und für die Klassenstufen 7 und 8 desRealschulzweiges ist laut Stundentafel des Hessischen Kultusministeriums keinGeographieunterricht vorgesehen.   Der&#8230; </p>
<div class="clear"></div>
<p><a href="https://wir-von-der-kennedy.de/wirvonderkennedyfinal/schulgemeinde/faecher/erdkunde/" class="gdlr-info-font excerpt-read-more">Read More</a></p>
