{"id":3534,"date":"2015-02-22T00:59:27","date_gmt":"2015-02-21T23:59:27","guid":{"rendered":"http:\/\/wir-von-der-kennedy.de\/wirvonderkennedy\/?page_id=35"},"modified":"2015-02-24T12:38:31","modified_gmt":"2015-02-24T11:38:31","slug":"eltern","status":"publish","type":"page","link":"https:\/\/wir-von-der-kennedy.de\/wirvonderkennedyfinal\/eltern\/","title":{"rendered":"Eltern"},"content":{"rendered":"<p>Eltern sind f\u00fcr uns wichtige Gespr\u00e4chspartner. Wir unterst\u00fctzen sie eifrig bei der Erziehungsarbeit mit den Kindern, gleichzeitig entlassen wir sie nicht aus ihrer Verantwortung als Erziehungsberechtigte. Es ist an der JFKS Tradition, dass sie uns durch Mitarbeit im Elternbeirat oder im F\u00f6rderverein begleiten und bei schulischen Veranstaltungen helfend zur Seite stehen. Wir freuen uns sehr, dass dies auf der Basis einer vertrauensvollen Zusammenarbeit geschieht. <\/p>\n","protected":false},"excerpt":{"rendered":"<p>Eltern sind f\u00fcr uns wichtige Gespr\u00e4chspartner. Wir unterst\u00fctzen sie eifrig bei der Erziehungsarbeit mit den Kindern, gleichzeitig entlassen wir sie nicht aus ihrer Verantwortung als Erziehungsberechtigte. Es ist an der JFKS Tradition, dass sie uns durch Mitarbeit im Elternbeirat oder im F\u00f6rderverein begleiten und bei schulischen Veranstaltungen helfend zur Seite stehen. Wir freuen uns sehr,&#8230; <\/p>\n<div class=\"clear\"><\/div>\n<p><a href=\"https:\/\/wir-von-der-kennedy.de\/wirvonderkennedyfinal\/eltern\/\" class=\"gdlr-info-font excerpt-read-more\">Read More<\/a><\/p>\n","protected":false},"author":16,"featured_media":0,"parent":0,"menu_order":0,"comment_status":"closed","ping_status":"closed","template":"","meta":{"_crdt_document":"","footnotes":""},"class_list":["post-3534","page","type-page","status-publish","hentry"],"_links":{"self":[{"href":"https:\/\/wir-von-der-kennedy.de\/wirvonderkennedyfinal\/wp-json\/wp\/v2\/pages\/3534","targetHints":{"allow":["GET"]}}],"collection":[{"href":"https:\/\/wir-von-der-kennedy.de\/wirvonderkennedyfinal\/wp-json\/wp\/v2\/pages"}],"about":[{"href":"https:\/\/wir-von-der-kennedy.de\/wirvonderkennedyfinal\/wp-json\/wp\/v2\/types\/page"}],"author":[{"embeddable":true,"href":"https:\/\/wir-von-der-kennedy.de\/wirvonderkennedyfinal\/wp-json\/wp\/v2\/users\/16"}],"replies":[{"embeddable":true,"href":"https:\/\/wir-von-der-kennedy.de\/wirvonderkennedyfinal\/wp-json\/wp\/v2\/comments?post=3534"}],"version-history":[{"count":2,"href":"https:\/\/wir-von-der-kennedy.de\/wirvonderkennedyfinal\/wp-json\/wp\/v2\/pages\/3534\/revisions"}],"predecessor-version":[{"id":4461,"href":"https:\/\/wir-von-der-kennedy.de\/wirvonderkennedyfinal\/wp-json\/wp\/v2\/pages\/3534\/revisions\/4461"}],"wp:attachment":[{"href":"https:\/\/wir-von-der-kennedy.de\/wirvonderkennedyfinal\/wp-json\/wp\/v2\/media?parent=3534"}],"curies":[{"name":"wp","href":"https:\/\/api.w.org\/{rel}","templated":true}]}}