{"id":3539,"date":"2015-02-22T11:45:33","date_gmt":"2015-02-22T10:45:33","guid":{"rendered":"http:\/\/wir-von-der-kennedy.de\/wirvonderkennedy\/?page_id=156"},"modified":"2025-10-21T16:08:58","modified_gmt":"2025-10-21T14:08:58","slug":"biologie","status":"publish","type":"page","link":"https:\/\/wir-von-der-kennedy.de\/wirvonderkennedyfinal\/schulgemeinde\/faecher\/biologie\/","title":{"rendered":"Biologie"},"content":{"rendered":"<p><strong>Vom Nutzen der Bienen<\/strong><\/p>\r\n<p>Bei der Besch\u00e4ftigung mit dem Thema Bienen im Schulunterricht finden Kinder und Jugendliche einen realen Bezug zur lebendigen Natur und einem r\u00e4tselhaften Naturwesen, dessen spannende Geheimnisse sie nach und nach erobern k\u00f6nnen.<\/p>\r\n<p>Die Sch\u00fcler\/-innen gehen der Frage nach, welche Rolle Insekten in der Natur spielen. Sie erstellen ein Schaubild, das die verschiedenen Beziehungen zwischen Insekten und anderen Tier- und Pflanzenarten zeigt. Die Lernenden sollen am Ende der Einheit den Lebensraum der Biene und ihren Nutzen f\u00fcr die Menschen erkl\u00e4ren und Handlungsm\u00f6glichkeiten zum Schutz der Biene entwickeln. Zudem bauen die Sch\u00fcler\/-innen ein Insektenhotel. Das Hotel dient f\u00fcr viele verschiedene Insekten als Unterschlupf, Nisthilfe, es bietet ihnen Schutz vor Wind und Wetter sowie vor Feinden.<\/p>\r\n<p>Lena Asaro, Bad Vilbel im Oktober 2022<\/p>\r\n<p>&nbsp;<\/p>\r\n\r\n<figure class=\"wp-block-gallery columns-2 is-cropped wp-block-gallery-1 is-layout-flex wp-block-gallery-is-layout-flex\">\r\n<ul class=\"blocks-gallery-grid\">\r\n<li class=\"blocks-gallery-item\">\r\n<figure><a href=\"http:\/\/wir-von-der-kennedy.de\/wirvonderkennedyfinal\/wp-content\/uploads\/2022\/10\/thumbnailllll.jpg\"><img loading=\"lazy\" decoding=\"async\" width=\"768\" height=\"1024\" class=\"wp-image-13340\" src=\"http:\/\/wir-von-der-kennedy.de\/wirvonderkennedyfinal\/wp-content\/uploads\/2022\/10\/thumbnailllll-768x1024.jpg\" alt=\"\" data-id=\"13340\" data-full-url=\"http:\/\/wir-von-der-kennedy.de\/wirvonderkennedyfinal\/wp-content\/uploads\/2022\/10\/thumbnailllll.jpg\" data-link=\"http:\/\/wir-von-der-kennedy.de\/wirvonderkennedyfinal\/thumbnailllll\/\" srcset=\"https:\/\/wir-von-der-kennedy.de\/wirvonderkennedyfinal\/wp-content\/uploads\/2022\/10\/thumbnailllll-768x1024.jpg 768w, https:\/\/wir-von-der-kennedy.de\/wirvonderkennedyfinal\/wp-content\/uploads\/2022\/10\/thumbnailllll-225x300.jpg 225w, https:\/\/wir-von-der-kennedy.de\/wirvonderkennedyfinal\/wp-content\/uploads\/2022\/10\/thumbnailllll.jpg 810w\" sizes=\"auto, (max-width: 768px) 100vw, 768px\" \/><\/a><\/figure>\r\n<\/li>\r\n<li class=\"blocks-gallery-item\">\r\n<figure><a href=\"http:\/\/wir-von-der-kennedy.de\/wirvonderkennedyfinal\/wp-content\/uploads\/2022\/10\/thumbnailjjj.jpg\"><img loading=\"lazy\" decoding=\"async\" width=\"768\" height=\"1024\" class=\"wp-image-13341\" src=\"http:\/\/wir-von-der-kennedy.de\/wirvonderkennedyfinal\/wp-content\/uploads\/2022\/10\/thumbnailjjj-768x1024.jpg\" alt=\"\" data-id=\"13341\" data-full-url=\"http:\/\/wir-von-der-kennedy.de\/wirvonderkennedyfinal\/wp-content\/uploads\/2022\/10\/thumbnailjjj.jpg\" data-link=\"http:\/\/wir-von-der-kennedy.de\/wirvonderkennedyfinal\/thumbnailjjj\/\" srcset=\"https:\/\/wir-von-der-kennedy.de\/wirvonderkennedyfinal\/wp-content\/uploads\/2022\/10\/thumbnailjjj-768x1024.jpg 768w, https:\/\/wir-von-der-kennedy.de\/wirvonderkennedyfinal\/wp-content\/uploads\/2022\/10\/thumbnailjjj-225x300.jpg 225w, https:\/\/wir-von-der-kennedy.de\/wirvonderkennedyfinal\/wp-content\/uploads\/2022\/10\/thumbnailjjj.jpg 810w\" sizes=\"auto, (max-width: 768px) 100vw, 768px\" \/><\/a><\/figure>\r\n<\/li>\r\n<\/ul>\r\n<\/figure>\r\n\r\n\r\n\r\n\r\n\r\n<p class=\"wp-block-paragraph\"><strong>Kinder entdecken die Artenvielfalt in Bad Vilbel<\/strong><\/p>\r\n\r\n\r\n\r\n<p class=\"wp-block-paragraph\">Bei diesem 2-3-t\u00e4gigen Projekt bestimmen Sch\u00fclerinnen und Sch\u00fcler im Rahmen des Biologieunterrichtes die Tiere und Pflanzen im Bereich des Bad Vilbeler Waldes. Dazu arbeiten sie in Expertengruppen in den ausgew\u00e4hlten Biotopen Wald, Wiese, Waldrand, Bach und Hecken.<\/p>\r\n\r\n\r\n\r\n<p class=\"wp-block-paragraph\">W\u00e4hrend man anfangs bei einigen Kindern noch z\u00f6gerliches Verhalten im Umgang mit Fauna und Flora erkennen kann, so ist es eine Freude zu beobachten, wie diese Hemmungen schnell vom nat\u00fcrlichen Forscherdrang\u00a0der Kinder verdr\u00e4ngt werden und sich gro\u00dfe Begeisterung beim \u201ewissenschaftlichen\u201c Arbeiten einstellt. Die Kinder zeigen zunehmend eine Sensibilit\u00e4t f\u00fcr Lebewesen; ob Tier oder Pflanze, ob klein oder gro\u00df. Ihre Ergebnisse halten sie z.B. in Form von Steckbriefen und Plakaten fest, welche f\u00fcr anschlie\u00dfende Pr\u00e4sentationen genutzt werden.<\/p>\r\n\r\n\r\n\r\n<p class=\"wp-block-paragraph\">Mit diesem Projekt wecken wir das Interesse an allem was \u201eso kreucht und fleucht\u201c und f\u00fcr\u00a0die Zusammenh\u00e4nge von \u00d6kosystemen, wobei der Bezug zum\u00a0System \u201evor der eigenen Haust\u00fcr\u201c verst\u00e4rkend beitr\u00e4gt.<\/p>\r\n\r\n\r\n\r\n<p class=\"wp-block-paragraph\">Nicole Weber (Fachleitung Biologie), Bad Vilbel im M\u00e4rz 2019<\/p>\r\n<p>&nbsp;<\/p>\r\n<p>\u00a0 \u058d\u00a0 <a href=\"https:\/\/wir-von-der-kennedy.de\/wirvonderkennedyfinal\/schulgemeinde\/faecher\/arbeitslehre\/\">Arbeitslehre<\/a>\u00a0 \u058d\u00a0 <a href=\"https:\/\/wir-von-der-kennedy.de\/wirvonderkennedyfinal\/schulgemeinde\/faecher\/biologie\/\">Biologie<\/a>\u00a0 \u058d\u00a0 <a href=\"https:\/\/wir-von-der-kennedy.de\/wirvonderkennedyfinal\/schulgemeinde\/faecher\/chemie\/\">Chemie<\/a>\u00a0 \u058d\u00a0 <a href=\"https:\/\/wir-von-der-kennedy.de\/wirvonderkennedyfinal\/schulgemeinde\/faecher\/religion-ethik\/\">Christliche Religion<\/a><br \/>\u00a0 \u058d\u00a0 <a href=\"https:\/\/wir-von-der-kennedy.de\/wirvonderkennedyfinal\/schulgemeinde\/faecher\/deutsch\/\">Deutsch<\/a>\u00a0 \u058d\u00a0 <a href=\"https:\/\/wir-von-der-kennedy.de\/wirvonderkennedyfinal\/schulgemeinde\/faecher\/englisch\/\">Englisch<\/a>\u00a0 \u058d\u00a0 <a href=\"https:\/\/wir-von-der-kennedy.de\/wirvonderkennedyfinal\/schulgemeinde\/faecher\/erdkunde\/\">Geographie<\/a>\u00a0 \u058d\u00a0 <a href=\"https:\/\/wir-von-der-kennedy.de\/wirvonderkennedyfinal\/ethik\/\">Ethik<\/a>\u00a0 <br \/>\u00a0 \u058d\u00a0 <a href=\"https:\/\/wir-von-der-kennedy.de\/wirvonderkennedyfinal\/schulgemeinde\/faecher\/informatik\/\">Informatik<\/a>\u00a0 \u058d\u00a0 <a href=\"https:\/\/wir-von-der-kennedy.de\/wirvonderkennedyfinal\/schulgemeinde\/faecher\/kunst\/\">Kunst<\/a>\u00a0 \u058d\u00a0 <a href=\"https:\/\/wir-von-der-kennedy.de\/wirvonderkennedyfinal\/schulgemeinde\/faecher\/mathematik\/\">Mathematik<\/a>\u00a0 \u058d\u00a0 <a href=\"https:\/\/wir-von-der-kennedy.de\/wirvonderkennedyfinal\/schulgemeinde\/faecher\/musik\/\">Musik<\/a><br \/>\u00a0 \u058d\u00a0 <a href=\"https:\/\/wir-von-der-kennedy.de\/wirvonderkennedyfinal\/schulgemeinde\/faecher\/physik\/\">Physik<\/a>\u00a0 \u058d\u00a0 <a href=\"https:\/\/wir-von-der-kennedy.de\/wirvonderkennedyfinal\/schulgemeinde\/faecher\/politik-und-wirtschaft\/\">Politik und Wirtschaft<\/a>\u00a0 \u058d\u00a0 <a href=\"https:\/\/wir-von-der-kennedy.de\/wirvonderkennedyfinal\/schulgemeinde\/faecher\/sport\/\">Sport<\/a>\u00a0 \u058d\u00a0 <a href=\"https:\/\/wir-von-der-kennedy.de\/wirvonderkennedyfinal\/schulgemeinde\/faecher\/wahlpflichtunterricht\/\">Wahlpflicht<\/a>\u00a0<\/p>\r\n","protected":false},"excerpt":{"rendered":"<p>Vom Nutzen der Bienen Bei der Besch\u00e4ftigung mit dem Thema Bienen im Schulunterricht finden Kinder und Jugendliche einen realen Bezug zur lebendigen Natur und einem r\u00e4tselhaften Naturwesen, dessen spannende Geheimnisse sie nach und nach erobern k\u00f6nnen. Die Sch\u00fcler\/-innen gehen der Frage nach, welche Rolle Insekten in der Natur spielen. Sie erstellen ein Schaubild, das die&#8230; <\/p>\n<div class=\"clear\"><\/div>\n<p><a href=\"https:\/\/wir-von-der-kennedy.de\/wirvonderkennedyfinal\/schulgemeinde\/faecher\/biologie\/\" class=\"gdlr-info-font excerpt-read-more\">Read More<\/a><\/p>\n","protected":false},"author":16,"featured_media":0,"parent":58,"menu_order":0,"comment_status":"closed","ping_status":"closed","template":"","meta":{"_crdt_document":"","footnotes":""},"class_list":["post-3539","page","type-page","status-publish","hentry"],"_links":{"self":[{"href":"https:\/\/wir-von-der-kennedy.de\/wirvonderkennedyfinal\/wp-json\/wp\/v2\/pages\/3539","targetHints":{"allow":["GET"]}}],"collection":[{"href":"https:\/\/wir-von-der-kennedy.de\/wirvonderkennedyfinal\/wp-json\/wp\/v2\/pages"}],"about":[{"href":"https:\/\/wir-von-der-kennedy.de\/wirvonderkennedyfinal\/wp-json\/wp\/v2\/types\/page"}],"author":[{"embeddable":true,"href":"https:\/\/wir-von-der-kennedy.de\/wirvonderkennedyfinal\/wp-json\/wp\/v2\/users\/16"}],"replies":[{"embeddable":true,"href":"https:\/\/wir-von-der-kennedy.de\/wirvonderkennedyfinal\/wp-json\/wp\/v2\/comments?post=3539"}],"version-history":[{"count":10,"href":"https:\/\/wir-von-der-kennedy.de\/wirvonderkennedyfinal\/wp-json\/wp\/v2\/pages\/3539\/revisions"}],"predecessor-version":[{"id":16625,"href":"https:\/\/wir-von-der-kennedy.de\/wirvonderkennedyfinal\/wp-json\/wp\/v2\/pages\/3539\/revisions\/16625"}],"up":[{"embeddable":true,"href":"https:\/\/wir-von-der-kennedy.de\/wirvonderkennedyfinal\/wp-json\/wp\/v2\/pages\/58"}],"wp:attachment":[{"href":"https:\/\/wir-von-der-kennedy.de\/wirvonderkennedyfinal\/wp-json\/wp\/v2\/media?parent=3539"}],"curies":[{"name":"wp","href":"https:\/\/api.w.org\/{rel}","templated":true}]}}