{"id":4500,"date":"2015-02-24T16:50:25","date_gmt":"2015-02-24T15:50:25","guid":{"rendered":"http:\/\/wir-von-der-kennedy.de\/wirvonderkennedyfinal\/?page_id=4500"},"modified":"2025-08-20T13:57:00","modified_gmt":"2025-08-20T11:57:00","slug":"berufsorientierung","status":"publish","type":"page","link":"https:\/\/wir-von-der-kennedy.de\/wirvonderkennedyfinal\/schulprofil\/berufsorientierung\/","title":{"rendered":"Berufsorientierung"},"content":{"rendered":"\r\n<p class=\"wp-block-paragraph\">Eine tragende S\u00e4ule der John-F.- Kennedy-Schule als Haupt- und Realschule mit F\u00f6rderstufe ist die gezielte Vorbereitung auf das Berufsleben. Sch\u00fclerinnen und Sch\u00fcler sollen nach dem Hauptschul- bzw. dem Realschulabschluss in der Lage sein, den gestiegenen Anforderungen an die Ausbildungsreife entsprechen zu k\u00f6nnen.<\/p>\r\n\r\n\r\n\r\n<p class=\"wp-block-paragraph\">Es finden regelm\u00e4\u00dfig Projekttage zur Erforschung der St\u00e4rken und Schw\u00e4chen jedes einzelnen Sch\u00fclers, jeder einzelnen Sch\u00fclerin statt. Die folgenden Unternehmungen geh\u00f6ren ebenfalls zum Schulalltag:<\/p>\r\n\r\n\r\n\r\n<ul class=\"wp-block-list\">\r\n<li>ein praxisorientierter Arbeitslehreunterricht<\/li>\r\n\r\n\r\n\r\n<li>Berufsorientierte Angebote im Ganztagsprogramm<\/li>\r\n\r\n\r\n\r\n<li>der ganzj\u00e4hrige Praxistag in den Stufen H 8 und H 9<\/li>\r\n\r\n\r\n\r\n<li>je ein Betriebspraktikum in den Stufen R 8 und R 9<\/li>\r\n\r\n\r\n\r\n<li>dauerhafte Kooperationen mit Betrieben<\/li>\r\n\r\n\r\n\r\n<li>Betriebserkundungstage, Besuche von Berufsmessen sowie Berufsberatung<\/li>\r\n\r\n\r\n\r\n<li>Eignungstests zur Berufswahl<\/li>\r\n<\/ul>\r\n\r\n<h3 class=\"has-medium-font-size\"><em><strong>Alisa Port<\/strong> ist die Berufsberaterin der Agentur f\u00fcr Arbeit an der John-F.-Kennedy-Schule.\u00a0<\/em><\/h3>\r\n<div><strong><span style=\"color: #1e0785;\">Alisa Port<\/span><\/strong><\/div>\r\n<div><strong><span style=\"color: #1e0785;\">Berufsberaterin<\/span><\/strong><\/div>\r\n<div><strong><span style=\"color: #1e0785;\">Gesch\u00e4ftsstelle Friedberg<\/span><\/strong><\/div>\r\n<div>\u00a0<\/div>\r\n<div><strong><span style=\"color: #1e0785;\">Telefon: 06031 164 84<\/span><\/strong><\/div>\r\n<div><strong><span style=\"color: #1e0785;\">E-Mail: Alisa.Port@arbeitsagentur.de\u00a0<\/span><\/strong><\/div>\r\n<div>\u00a0<\/div>\r\n<div><strong><span style=\"color: #1e0785;\">oder \u00fcber das Teampostfach:<\/span><\/strong><\/div>\r\n<div>\u00a0<\/div>\r\n<div><strong><span style=\"color: #1e0785;\">Berufsberatung.Wetteraukreis@arbeitsagentur.de\u00a0<\/span><\/strong><\/div>\r\n<div>\u00a0<\/div>\r\n<div><strong><span style=\"color: #1e0785;\">Internet: www.arbeitsagentur.de<\/span><\/strong><\/div>\r\n<div>\u00a0<\/div>\r\n<div><strong><span style=\"color: #1e0785;\">Besucheradresse<\/span><\/strong><\/div>\r\n<div><strong><span style=\"color: #1e0785;\">Agentur f\u00fcr Arbeit Friedberg<\/span><\/strong><\/div>\r\n<div><strong><span style=\"color: #1e0785;\">Leonhardstra\u00dfe 17<\/span><\/strong><\/div>\r\n<div><strong><span style=\"color: #1e0785;\">61169 Friedberg<\/span><\/strong><\/div>\r\n<div>\u00a0<\/div>\r\n<div><strong><span style=\"color: #1e0785;\">* Postanschrift<\/span><\/strong><\/div>\r\n<div><strong><span style=\"color: #1e0785;\">Agentur f\u00fcr Arbeit Gie\u00dfen<\/span><\/strong><\/div>\r\n<div><strong><span style=\"color: #1e0785;\">35384 Gie\u00dfen<\/span><\/strong><\/div>\r\n<p><a href=\"http:\/\/wir-von-der-kennedy.de\/wirvonderkennedyfinal\/wp-content\/uploads\/2020\/08\/Anmeldebogen-Berufsberatung.pdf\">Anmeldebogen zur Berufsberatung zum Ausdrucken<\/a><\/p>\r\n<p>&nbsp;<\/p>\r\n<h2><em><strong>Termine<\/strong><\/em><\/h2>\r\n<p><strong>Betriebspraktika<\/strong><\/p>\r\n<ul class=\"wp-block-list\">\r\n<li>Klassen 8H und 9H: 26.-30.08.2025 und 02.-07.02.2026<\/li>\r\n<li>Klassen 8R: 09.-21.02.2026<\/li>\r\n<li>Klassen 9R: 09.-21.03.2026 (in der Folgewoche Montag bis Donnerstag Reflexionstage)<\/li>\r\n<\/ul>\r\n<p><strong>Besondere Veranstaltungen<\/strong><\/p>\r\n<ul>\r\n<li>Tag der Berufsorientierung, Mittwoch, 24.09.2025 (Klassen 9 und 10)<\/li>\r\n<li>Rotary-Berufsinfomesse, Dienstag, 11.11.2025, Anwesenheitspflicht Klassen 9R und AL-Lehrkr\u00e4fte\u00a0<\/li>\r\n<li>girls\u2018 &amp; boys\u2018 day, Donnerstag, 23.04.2026<\/li>\r\n<\/ul>\r\n<p>&nbsp;<\/p>\r\n","protected":false},"excerpt":{"rendered":"<p>Eine tragende S\u00e4ule der John-F.- Kennedy-Schule als Haupt- und Realschule mit F\u00f6rderstufe ist die gezielte Vorbereitung auf das Berufsleben. Sch\u00fclerinnen und Sch\u00fcler sollen nach dem Hauptschul- bzw. dem Realschulabschluss in der Lage sein, den gestiegenen Anforderungen an die Ausbildungsreife entsprechen zu k\u00f6nnen. Es finden regelm\u00e4\u00dfig Projekttage zur Erforschung der St\u00e4rken und Schw\u00e4chen jedes einzelnen Sch\u00fclers,&#8230; <\/p>\n<div class=\"clear\"><\/div>\n<p><a href=\"https:\/\/wir-von-der-kennedy.de\/wirvonderkennedyfinal\/schulprofil\/berufsorientierung\/\" class=\"gdlr-info-font excerpt-read-more\">Read More<\/a><\/p>\n","protected":false},"author":16,"featured_media":0,"parent":31,"menu_order":0,"comment_status":"closed","ping_status":"closed","template":"","meta":{"_crdt_document":"","footnotes":""},"class_list":["post-4500","page","type-page","status-publish","hentry"],"_links":{"self":[{"href":"https:\/\/wir-von-der-kennedy.de\/wirvonderkennedyfinal\/wp-json\/wp\/v2\/pages\/4500","targetHints":{"allow":["GET"]}}],"collection":[{"href":"https:\/\/wir-von-der-kennedy.de\/wirvonderkennedyfinal\/wp-json\/wp\/v2\/pages"}],"about":[{"href":"https:\/\/wir-von-der-kennedy.de\/wirvonderkennedyfinal\/wp-json\/wp\/v2\/types\/page"}],"author":[{"embeddable":true,"href":"https:\/\/wir-von-der-kennedy.de\/wirvonderkennedyfinal\/wp-json\/wp\/v2\/users\/16"}],"replies":[{"embeddable":true,"href":"https:\/\/wir-von-der-kennedy.de\/wirvonderkennedyfinal\/wp-json\/wp\/v2\/comments?post=4500"}],"version-history":[{"count":10,"href":"https:\/\/wir-von-der-kennedy.de\/wirvonderkennedyfinal\/wp-json\/wp\/v2\/pages\/4500\/revisions"}],"predecessor-version":[{"id":16419,"href":"https:\/\/wir-von-der-kennedy.de\/wirvonderkennedyfinal\/wp-json\/wp\/v2\/pages\/4500\/revisions\/16419"}],"up":[{"embeddable":true,"href":"https:\/\/wir-von-der-kennedy.de\/wirvonderkennedyfinal\/wp-json\/wp\/v2\/pages\/31"}],"wp:attachment":[{"href":"https:\/\/wir-von-der-kennedy.de\/wirvonderkennedyfinal\/wp-json\/wp\/v2\/media?parent=4500"}],"curies":[{"name":"wp","href":"https:\/\/api.w.org\/{rel}","templated":true}]}}