{"id":7216,"date":"2017-03-21T14:10:23","date_gmt":"2017-03-21T13:10:23","guid":{"rendered":"http:\/\/wir-von-der-kennedy.de\/wirvonderkennedyfinal\/?page_id=7216"},"modified":"2022-10-31T14:07:19","modified_gmt":"2022-10-31T13:07:19","slug":"herr-di-rienzo","status":"publish","type":"page","link":"https:\/\/wir-von-der-kennedy.de\/wirvonderkennedyfinal\/herr-di-rienzo\/","title":{"rendered":"Herr Di Rienzo"},"content":{"rendered":"<h2><strong>Das Lehrerfreundebuch<\/strong><\/h2>\n<h4><em>Ein Fragebogen der Sch\u00fclerzeitung 2016\/17<\/em><\/h4>\n<h1><strong>Spagedi Rienzonara<\/strong><\/h1>\n<p><a href=\"http:\/\/wir-von-der-kennedy.de\/wirvonderkennedyfinal\/wp-content\/uploads\/2017\/03\/Rene-2.jpg\"><img loading=\"lazy\" decoding=\"async\" class=\"alignnone wp-image-7224\" src=\"http:\/\/wir-von-der-kennedy.de\/wirvonderkennedyfinal\/wp-content\/uploads\/2017\/03\/Rene-2-200x300.jpg\" alt=\"\" width=\"450\" height=\"300\" \/><\/a><\/p>\n<ol>\n<li>Name: Ren\u00e9 Di Rienzo<\/li>\n<li>Alter: 40<\/li>\n<li>Welche F\u00e4cher unterrichten sie: Musik , Deutsch , IT<\/li>\n<li>Wieso sind Sie Lehrer geworden? Weil ich nix anderes kann! \ud83d\ude42<\/li>\n<li>Ihre Lieblingsfarbe? \u00a0\/<\/li>\n<li>Ihre Lieblingsessen ? Spagetti Carbonara<\/li>\n<li>Haben Sie Kinder und wie viele? 2 Kinder, alles Jungs<\/li>\n<li>In welcher Stadt wohnen Sie? Bad Vilbel<\/li>\n<li>Was sind Ihre Hobbys? Vor allem Kino und Videom\u00e4tzchen am PC machen<\/li>\n<li>Sind Sie gerne in die Schule gegangen? Meistens schon<\/li>\n<li>Wollten Sie schon immer Lehrer werden? Ja, gleich nachdem meine Modelkarriere zu Ende war!<\/li>\n<li>Wer ist Ihr gr\u00f6\u00dftes Vorbild? Udo J\u00fcrgens<\/li>\n<li>Wie stellen Sie sich die Schule in der Zukunft vor? Alle Lehrer machen Aufsicht mit Elektro-Scootern. Au\u00dferdem Stunden im 60-Minuten-Takt (keine Doppelstunden mehr) und jeder Lehrer hat seinen eigenen Klassenraum mit Beamer, Leinwand, PC und nat\u00fcrlich Klavier.<\/li>\n<li>Welche F\u00e4cher m\u00f6gen Sie nicht? Kochen, weil man da lecker essen darf und ich bin nicht dabei! \ud83d\ude41<\/li>\n<li>Was war das lustigste Erlebnis an der Kennedy-Schule? Eine Klassenfahrt mit Herrn Andr\u00e9 (Lachen, bis Herr Mayb\u00f6hm kommt).<\/li>\n<\/ol>\n<p><em>Danke f\u00fcr das Interview!<\/em><\/p>\n","protected":false},"excerpt":{"rendered":"<p>Das Lehrerfreundebuch Ein Fragebogen der Sch\u00fclerzeitung 2016\/17 Spagedi Rienzonara Name: Ren\u00e9 Di Rienzo Alter: 40 Welche F\u00e4cher unterrichten sie: Musik , Deutsch , IT Wieso sind Sie Lehrer geworden? Weil ich nix anderes kann! \ud83d\ude42 Ihre Lieblingsfarbe? \u00a0\/ Ihre Lieblingsessen ? Spagetti Carbonara Haben Sie Kinder und wie viele? 2 Kinder, alles Jungs In welcher&#8230; <\/p>\n<div class=\"clear\"><\/div>\n<p><a href=\"https:\/\/wir-von-der-kennedy.de\/wirvonderkennedyfinal\/herr-di-rienzo\/\" class=\"gdlr-info-font excerpt-read-more\">Read More<\/a><\/p>\n","protected":false},"author":2,"featured_media":0,"parent":0,"menu_order":0,"comment_status":"closed","ping_status":"closed","template":"","meta":{"_crdt_document":"","footnotes":""},"class_list":["post-7216","page","type-page","status-publish","hentry"],"_links":{"self":[{"href":"https:\/\/wir-von-der-kennedy.de\/wirvonderkennedyfinal\/wp-json\/wp\/v2\/pages\/7216","targetHints":{"allow":["GET"]}}],"collection":[{"href":"https:\/\/wir-von-der-kennedy.de\/wirvonderkennedyfinal\/wp-json\/wp\/v2\/pages"}],"about":[{"href":"https:\/\/wir-von-der-kennedy.de\/wirvonderkennedyfinal\/wp-json\/wp\/v2\/types\/page"}],"author":[{"embeddable":true,"href":"https:\/\/wir-von-der-kennedy.de\/wirvonderkennedyfinal\/wp-json\/wp\/v2\/users\/2"}],"replies":[{"embeddable":true,"href":"https:\/\/wir-von-der-kennedy.de\/wirvonderkennedyfinal\/wp-json\/wp\/v2\/comments?post=7216"}],"version-history":[{"count":7,"href":"https:\/\/wir-von-der-kennedy.de\/wirvonderkennedyfinal\/wp-json\/wp\/v2\/pages\/7216\/revisions"}],"predecessor-version":[{"id":13415,"href":"https:\/\/wir-von-der-kennedy.de\/wirvonderkennedyfinal\/wp-json\/wp\/v2\/pages\/7216\/revisions\/13415"}],"wp:attachment":[{"href":"https:\/\/wir-von-der-kennedy.de\/wirvonderkennedyfinal\/wp-json\/wp\/v2\/media?parent=7216"}],"curies":[{"name":"wp","href":"https:\/\/api.w.org\/{rel}","templated":true}]}}