{"id":8091,"date":"2018-03-20T15:05:50","date_gmt":"2018-03-20T14:05:50","guid":{"rendered":"http:\/\/wir-von-der-kennedy.de\/wirvonderkennedyfinal\/?page_id=8091"},"modified":"2018-04-17T14:43:03","modified_gmt":"2018-04-17T12:43:03","slug":"frau-samulowitz","status":"publish","type":"page","link":"https:\/\/wir-von-der-kennedy.de\/wirvonderkennedyfinal\/frau-samulowitz\/","title":{"rendered":"Frau Samulowitz"},"content":{"rendered":"<h2><strong>Das Lehrerfreundebuch<\/strong><\/h2>\n<h4><em>Ein Fragebogen der Sch\u00fclerzeitung 2017\/18<\/em><\/h4>\n<h1><strong>Lieber Spagetti als Besen<\/strong><\/h1>\n<p><a href=\"http:\/\/wir-von-der-kennedy.de\/wirvonderkennedyfinal\/wp-content\/uploads\/2018\/04\/samulovitz.jpg\"><img loading=\"lazy\" decoding=\"async\" class=\"alignnone wp-image-8141\" src=\"http:\/\/wir-von-der-kennedy.de\/wirvonderkennedyfinal\/wp-content\/uploads\/2018\/04\/samulovitz-219x300.jpg\" alt=\"\" width=\"300\" height=\"411\" srcset=\"https:\/\/wir-von-der-kennedy.de\/wirvonderkennedyfinal\/wp-content\/uploads\/2018\/04\/samulovitz-219x300.jpg 219w, https:\/\/wir-von-der-kennedy.de\/wirvonderkennedyfinal\/wp-content\/uploads\/2018\/04\/samulovitz-768x1052.jpg 768w, https:\/\/wir-von-der-kennedy.de\/wirvonderkennedyfinal\/wp-content\/uploads\/2018\/04\/samulovitz-747x1024.jpg 747w\" sizes=\"auto, (max-width: 300px) 100vw, 300px\" \/><\/a><\/p>\n<p>1. Name: Petja Samulowitz<br \/>\n2. Alter: fast 50<br \/>\n3. Welche F\u00e4cher unterrichten sie? Mathe<br \/>\n4. Wieso sind Sie Lehrer geworden?<br \/>\nIch finde es toll, anderen weiterzuhelfen und neues Wissen zu vermitteln.<br \/>\n5. Ihre Lieblingsfarbe? Gr\u00fcn<br \/>\n6. Ihre Lieblingsessen ? Spaghetti mit Sauce aller Art<br \/>\n7. Haben Sie Kinder und wie viele? Zwei M\u00e4dchen<br \/>\n8. In welcher Stadt wohnen Sie? Bad Vilbel<br \/>\n9. Was sind Ihre Hobbys? lesen (Krimis), gute Filme sehen, schwimmen<br \/>\n10. Sind Sie gerne in die Schule gegangen? Ja<br \/>\n11. Wollten Sie schon immer Lehrer werden? Ja<br \/>\n12. Wer ist Ihr gr\u00f6\u00dftes Vorbild? Nelson Mandela<br \/>\n13. Wie stellen Sie sich die Schule in der Zukunft vor?<br \/>\nIn kleinen Lerngruppen kann jeder Sch\u00fcler in gut ausgestatteten Fachr\u00e4umen ungest\u00f6rt lernen.<br \/>\n14. Welche F\u00e4cher m\u00f6gen Sie nicht? Physik<br \/>\n15. Was war das Lustigste Erlebnis an der Kennedy-Schule?<br \/>\nIch bin \u00fcber den Besen in einem Klassenraum gestolpert \u2013 Gott sei Dank ist nichts passiert.<\/p>\n<p><em>Danke f\u00fcr das Interview!<\/em><\/p>\n","protected":false},"excerpt":{"rendered":"<p>Das Lehrerfreundebuch Ein Fragebogen der Sch\u00fclerzeitung 2017\/18 Lieber Spagetti als Besen 1. Name: Petja Samulowitz 2. Alter: fast 50 3. Welche F\u00e4cher unterrichten sie? Mathe 4. Wieso sind Sie Lehrer geworden? Ich finde es toll, anderen weiterzuhelfen und neues Wissen zu vermitteln. 5. Ihre Lieblingsfarbe? Gr\u00fcn 6. Ihre Lieblingsessen ? Spaghetti mit Sauce aller Art&#8230; <\/p>\n<div class=\"clear\"><\/div>\n<p><a href=\"https:\/\/wir-von-der-kennedy.de\/wirvonderkennedyfinal\/frau-samulowitz\/\" class=\"gdlr-info-font excerpt-read-more\">Read More<\/a><\/p>\n","protected":false},"author":2,"featured_media":0,"parent":0,"menu_order":0,"comment_status":"closed","ping_status":"closed","template":"","meta":{"_crdt_document":"","footnotes":""},"class_list":["post-8091","page","type-page","status-publish","hentry"],"_links":{"self":[{"href":"https:\/\/wir-von-der-kennedy.de\/wirvonderkennedyfinal\/wp-json\/wp\/v2\/pages\/8091","targetHints":{"allow":["GET"]}}],"collection":[{"href":"https:\/\/wir-von-der-kennedy.de\/wirvonderkennedyfinal\/wp-json\/wp\/v2\/pages"}],"about":[{"href":"https:\/\/wir-von-der-kennedy.de\/wirvonderkennedyfinal\/wp-json\/wp\/v2\/types\/page"}],"author":[{"embeddable":true,"href":"https:\/\/wir-von-der-kennedy.de\/wirvonderkennedyfinal\/wp-json\/wp\/v2\/users\/2"}],"replies":[{"embeddable":true,"href":"https:\/\/wir-von-der-kennedy.de\/wirvonderkennedyfinal\/wp-json\/wp\/v2\/comments?post=8091"}],"version-history":[{"count":3,"href":"https:\/\/wir-von-der-kennedy.de\/wirvonderkennedyfinal\/wp-json\/wp\/v2\/pages\/8091\/revisions"}],"predecessor-version":[{"id":8150,"href":"https:\/\/wir-von-der-kennedy.de\/wirvonderkennedyfinal\/wp-json\/wp\/v2\/pages\/8091\/revisions\/8150"}],"wp:attachment":[{"href":"https:\/\/wir-von-der-kennedy.de\/wirvonderkennedyfinal\/wp-json\/wp\/v2\/media?parent=8091"}],"curies":[{"name":"wp","href":"https:\/\/api.w.org\/{rel}","templated":true}]}}