{"id":8236,"date":"2018-05-17T21:26:53","date_gmt":"2018-05-17T19:26:53","guid":{"rendered":"http:\/\/wir-von-der-kennedy.de\/wirvonderkennedyfinal\/?page_id=8236"},"modified":"2019-02-12T19:42:21","modified_gmt":"2019-02-12T18:42:21","slug":"theater-loewenkoenig","status":"publish","type":"page","link":"https:\/\/wir-von-der-kennedy.de\/wirvonderkennedyfinal\/theater-loewenkoenig\/","title":{"rendered":"Theater: &#8222;L\u00f6wenk\u00f6nig&#8220;"},"content":{"rendered":"\n<p class=\"wp-block-paragraph\">Am Abend des 17. Mai 2018 wurde in der &#8222;Theater-Mensa&#8220; vor \u00fcber 200 Zuschauern das Musical &#8222;L\u00f6wenk\u00f6nig&#8220; aufgef\u00fchrt und frenetisch gefeiert. Unter der Regie von Frau Haberland zeigten alle Teilnehmer der Theater-AG auf, vor und hinter der B\u00fchne ihr ganzes K\u00f6nnen. Beachtlich war die enorme Ausstrahlung des ein oder anderen &#8222;Schauspielers&#8220; und besonders erw\u00e4hnenswert die liebevoll gestalteten Kost\u00fcme sowie das tolle Make-up! Unterst\u00fctzt wurde die Inszenierung von der Tanz-AG unter der Leitung von Frau M\u00f6cker und Frau Huhn.<\/p>\n\n\n\n<ul class=\"wp-block-gallery columns-5 is-cropped wp-block-gallery-1 is-layout-flex wp-block-gallery-is-layout-flex\"><li class=\"blocks-gallery-item\"><figure><a href=\"http:\/\/wir-von-der-kennedy.de\/wirvonderkennedyfinal\/wp-content\/uploads\/2018\/05\/L\u00f6wenk\u00f6nig-1-1024x683.jpg\"><img loading=\"lazy\" decoding=\"async\" width=\"1024\" height=\"683\" src=\"http:\/\/wir-von-der-kennedy.de\/wirvonderkennedyfinal\/wp-content\/uploads\/2018\/05\/L\u00f6wenk\u00f6nig-1-1024x683.jpg\" alt=\"\" data-id=\"8217\" data-link=\"http:\/\/wir-von-der-kennedy.de\/wirvonderkennedyfinal\/loewenkoenig-1\/\" class=\"wp-image-8217\" srcset=\"https:\/\/wir-von-der-kennedy.de\/wirvonderkennedyfinal\/wp-content\/uploads\/2018\/05\/L\u00f6wenk\u00f6nig-1.jpg 1024w, https:\/\/wir-von-der-kennedy.de\/wirvonderkennedyfinal\/wp-content\/uploads\/2018\/05\/L\u00f6wenk\u00f6nig-1-300x200.jpg 300w, https:\/\/wir-von-der-kennedy.de\/wirvonderkennedyfinal\/wp-content\/uploads\/2018\/05\/L\u00f6wenk\u00f6nig-1-768x512.jpg 768w\" sizes=\"auto, (max-width: 1024px) 100vw, 1024px\" \/><\/a><\/figure><\/li><li class=\"blocks-gallery-item\"><figure><a href=\"http:\/\/wir-von-der-kennedy.de\/wirvonderkennedyfinal\/wp-content\/uploads\/2018\/05\/L\u00f6wenk\u00f6nig-19-1024x683.jpg\"><img loading=\"lazy\" decoding=\"async\" width=\"1024\" height=\"683\" src=\"http:\/\/wir-von-der-kennedy.de\/wirvonderkennedyfinal\/wp-content\/uploads\/2018\/05\/L\u00f6wenk\u00f6nig-19-1024x683.jpg\" alt=\"\" data-id=\"8235\" data-link=\"http:\/\/wir-von-der-kennedy.de\/wirvonderkennedyfinal\/loewenkoenig-19\/\" class=\"wp-image-8235\" srcset=\"https:\/\/wir-von-der-kennedy.de\/wirvonderkennedyfinal\/wp-content\/uploads\/2018\/05\/L\u00f6wenk\u00f6nig-19.jpg 1024w, https:\/\/wir-von-der-kennedy.de\/wirvonderkennedyfinal\/wp-content\/uploads\/2018\/05\/L\u00f6wenk\u00f6nig-19-300x200.jpg 300w, https:\/\/wir-von-der-kennedy.de\/wirvonderkennedyfinal\/wp-content\/uploads\/2018\/05\/L\u00f6wenk\u00f6nig-19-768x512.jpg 768w\" sizes=\"auto, (max-width: 1024px) 100vw, 1024px\" \/><\/a><\/figure><\/li><li class=\"blocks-gallery-item\"><figure><a href=\"http:\/\/wir-von-der-kennedy.de\/wirvonderkennedyfinal\/wp-content\/uploads\/2018\/05\/L\u00f6wenk\u00f6nig-18-1024x683.jpg\"><img loading=\"lazy\" decoding=\"async\" width=\"1024\" height=\"683\" src=\"http:\/\/wir-von-der-kennedy.de\/wirvonderkennedyfinal\/wp-content\/uploads\/2018\/05\/L\u00f6wenk\u00f6nig-18-1024x683.jpg\" alt=\"\" data-id=\"8234\" data-link=\"http:\/\/wir-von-der-kennedy.de\/wirvonderkennedyfinal\/loewenkoenig-18\/\" class=\"wp-image-8234\" srcset=\"https:\/\/wir-von-der-kennedy.de\/wirvonderkennedyfinal\/wp-content\/uploads\/2018\/05\/L\u00f6wenk\u00f6nig-18.jpg 1024w, https:\/\/wir-von-der-kennedy.de\/wirvonderkennedyfinal\/wp-content\/uploads\/2018\/05\/L\u00f6wenk\u00f6nig-18-300x200.jpg 300w, https:\/\/wir-von-der-kennedy.de\/wirvonderkennedyfinal\/wp-content\/uploads\/2018\/05\/L\u00f6wenk\u00f6nig-18-768x512.jpg 768w\" sizes=\"auto, (max-width: 1024px) 100vw, 1024px\" \/><\/a><\/figure><\/li><li class=\"blocks-gallery-item\"><figure><a href=\"http:\/\/wir-von-der-kennedy.de\/wirvonderkennedyfinal\/wp-content\/uploads\/2018\/05\/L\u00f6wenk\u00f6nig-17-1024x683.jpg\"><img loading=\"lazy\" decoding=\"async\" width=\"1024\" height=\"683\" src=\"http:\/\/wir-von-der-kennedy.de\/wirvonderkennedyfinal\/wp-content\/uploads\/2018\/05\/L\u00f6wenk\u00f6nig-17-1024x683.jpg\" alt=\"\" data-id=\"8233\" data-link=\"http:\/\/wir-von-der-kennedy.de\/wirvonderkennedyfinal\/loewenkoenig-17\/\" class=\"wp-image-8233\" srcset=\"https:\/\/wir-von-der-kennedy.de\/wirvonderkennedyfinal\/wp-content\/uploads\/2018\/05\/L\u00f6wenk\u00f6nig-17.jpg 1024w, https:\/\/wir-von-der-kennedy.de\/wirvonderkennedyfinal\/wp-content\/uploads\/2018\/05\/L\u00f6wenk\u00f6nig-17-300x200.jpg 300w, https:\/\/wir-von-der-kennedy.de\/wirvonderkennedyfinal\/wp-content\/uploads\/2018\/05\/L\u00f6wenk\u00f6nig-17-768x512.jpg 768w\" sizes=\"auto, (max-width: 1024px) 100vw, 1024px\" \/><\/a><\/figure><\/li><li class=\"blocks-gallery-item\"><figure><a href=\"http:\/\/wir-von-der-kennedy.de\/wirvonderkennedyfinal\/wp-content\/uploads\/2018\/05\/L\u00f6wenk\u00f6nig-16-1024x683.jpg\"><img loading=\"lazy\" decoding=\"async\" width=\"1024\" height=\"683\" src=\"http:\/\/wir-von-der-kennedy.de\/wirvonderkennedyfinal\/wp-content\/uploads\/2018\/05\/L\u00f6wenk\u00f6nig-16-1024x683.jpg\" alt=\"\" data-id=\"8232\" data-link=\"http:\/\/wir-von-der-kennedy.de\/wirvonderkennedyfinal\/loewenkoenig-16\/\" class=\"wp-image-8232\" srcset=\"https:\/\/wir-von-der-kennedy.de\/wirvonderkennedyfinal\/wp-content\/uploads\/2018\/05\/L\u00f6wenk\u00f6nig-16.jpg 1024w, https:\/\/wir-von-der-kennedy.de\/wirvonderkennedyfinal\/wp-content\/uploads\/2018\/05\/L\u00f6wenk\u00f6nig-16-300x200.jpg 300w, https:\/\/wir-von-der-kennedy.de\/wirvonderkennedyfinal\/wp-content\/uploads\/2018\/05\/L\u00f6wenk\u00f6nig-16-768x512.jpg 768w\" sizes=\"auto, (max-width: 1024px) 100vw, 1024px\" \/><\/a><\/figure><\/li><li class=\"blocks-gallery-item\"><figure><a href=\"http:\/\/wir-von-der-kennedy.de\/wirvonderkennedyfinal\/wp-content\/uploads\/2018\/05\/L\u00f6wenk\u00f6nig-15-1024x683.jpg\"><img loading=\"lazy\" decoding=\"async\" width=\"1024\" height=\"683\" src=\"http:\/\/wir-von-der-kennedy.de\/wirvonderkennedyfinal\/wp-content\/uploads\/2018\/05\/L\u00f6wenk\u00f6nig-15-1024x683.jpg\" alt=\"\" data-id=\"8231\" data-link=\"http:\/\/wir-von-der-kennedy.de\/wirvonderkennedyfinal\/loewenkoenig-15\/\" class=\"wp-image-8231\" srcset=\"https:\/\/wir-von-der-kennedy.de\/wirvonderkennedyfinal\/wp-content\/uploads\/2018\/05\/L\u00f6wenk\u00f6nig-15.jpg 1024w, https:\/\/wir-von-der-kennedy.de\/wirvonderkennedyfinal\/wp-content\/uploads\/2018\/05\/L\u00f6wenk\u00f6nig-15-300x200.jpg 300w, https:\/\/wir-von-der-kennedy.de\/wirvonderkennedyfinal\/wp-content\/uploads\/2018\/05\/L\u00f6wenk\u00f6nig-15-768x512.jpg 768w\" sizes=\"auto, (max-width: 1024px) 100vw, 1024px\" \/><\/a><\/figure><\/li><li class=\"blocks-gallery-item\"><figure><a href=\"http:\/\/wir-von-der-kennedy.de\/wirvonderkennedyfinal\/wp-content\/uploads\/2018\/05\/L\u00f6wenk\u00f6nig-14-1024x641.jpg\"><img loading=\"lazy\" decoding=\"async\" width=\"1024\" height=\"641\" src=\"http:\/\/wir-von-der-kennedy.de\/wirvonderkennedyfinal\/wp-content\/uploads\/2018\/05\/L\u00f6wenk\u00f6nig-14-1024x641.jpg\" alt=\"\" data-id=\"8230\" data-link=\"http:\/\/wir-von-der-kennedy.de\/wirvonderkennedyfinal\/loewenkoenig-14\/\" class=\"wp-image-8230\" srcset=\"https:\/\/wir-von-der-kennedy.de\/wirvonderkennedyfinal\/wp-content\/uploads\/2018\/05\/L\u00f6wenk\u00f6nig-14.jpg 1024w, https:\/\/wir-von-der-kennedy.de\/wirvonderkennedyfinal\/wp-content\/uploads\/2018\/05\/L\u00f6wenk\u00f6nig-14-300x188.jpg 300w, https:\/\/wir-von-der-kennedy.de\/wirvonderkennedyfinal\/wp-content\/uploads\/2018\/05\/L\u00f6wenk\u00f6nig-14-768x481.jpg 768w\" sizes=\"auto, (max-width: 1024px) 100vw, 1024px\" \/><\/a><\/figure><\/li><li class=\"blocks-gallery-item\"><figure><a href=\"http:\/\/wir-von-der-kennedy.de\/wirvonderkennedyfinal\/wp-content\/uploads\/2018\/05\/L\u00f6wenk\u00f6nig-13-1024x683.jpg\"><img loading=\"lazy\" decoding=\"async\" width=\"1024\" height=\"683\" src=\"http:\/\/wir-von-der-kennedy.de\/wirvonderkennedyfinal\/wp-content\/uploads\/2018\/05\/L\u00f6wenk\u00f6nig-13-1024x683.jpg\" alt=\"\" data-id=\"8229\" data-link=\"http:\/\/wir-von-der-kennedy.de\/wirvonderkennedyfinal\/loewenkoenig-13\/\" class=\"wp-image-8229\" srcset=\"https:\/\/wir-von-der-kennedy.de\/wirvonderkennedyfinal\/wp-content\/uploads\/2018\/05\/L\u00f6wenk\u00f6nig-13.jpg 1024w, https:\/\/wir-von-der-kennedy.de\/wirvonderkennedyfinal\/wp-content\/uploads\/2018\/05\/L\u00f6wenk\u00f6nig-13-300x200.jpg 300w, https:\/\/wir-von-der-kennedy.de\/wirvonderkennedyfinal\/wp-content\/uploads\/2018\/05\/L\u00f6wenk\u00f6nig-13-768x512.jpg 768w\" sizes=\"auto, (max-width: 1024px) 100vw, 1024px\" \/><\/a><\/figure><\/li><li class=\"blocks-gallery-item\"><figure><a href=\"http:\/\/wir-von-der-kennedy.de\/wirvonderkennedyfinal\/wp-content\/uploads\/2018\/05\/L\u00f6wenk\u00f6nig-12-1024x671.jpg\"><img loading=\"lazy\" decoding=\"async\" width=\"1024\" height=\"671\" src=\"http:\/\/wir-von-der-kennedy.de\/wirvonderkennedyfinal\/wp-content\/uploads\/2018\/05\/L\u00f6wenk\u00f6nig-12-1024x671.jpg\" alt=\"\" data-id=\"8228\" data-link=\"http:\/\/wir-von-der-kennedy.de\/wirvonderkennedyfinal\/loewenkoenig-12\/\" class=\"wp-image-8228\" srcset=\"https:\/\/wir-von-der-kennedy.de\/wirvonderkennedyfinal\/wp-content\/uploads\/2018\/05\/L\u00f6wenk\u00f6nig-12.jpg 1024w, https:\/\/wir-von-der-kennedy.de\/wirvonderkennedyfinal\/wp-content\/uploads\/2018\/05\/L\u00f6wenk\u00f6nig-12-300x197.jpg 300w, https:\/\/wir-von-der-kennedy.de\/wirvonderkennedyfinal\/wp-content\/uploads\/2018\/05\/L\u00f6wenk\u00f6nig-12-768x503.jpg 768w\" sizes=\"auto, (max-width: 1024px) 100vw, 1024px\" \/><\/a><\/figure><\/li><li class=\"blocks-gallery-item\"><figure><a href=\"http:\/\/wir-von-der-kennedy.de\/wirvonderkennedyfinal\/wp-content\/uploads\/2018\/05\/L\u00f6wenk\u00f6nig-11-1024x692.jpg\"><img loading=\"lazy\" decoding=\"async\" width=\"1024\" height=\"692\" src=\"http:\/\/wir-von-der-kennedy.de\/wirvonderkennedyfinal\/wp-content\/uploads\/2018\/05\/L\u00f6wenk\u00f6nig-11-1024x692.jpg\" alt=\"\" data-id=\"8227\" data-link=\"http:\/\/wir-von-der-kennedy.de\/wirvonderkennedyfinal\/loewenkoenig-11\/\" class=\"wp-image-8227\" srcset=\"https:\/\/wir-von-der-kennedy.de\/wirvonderkennedyfinal\/wp-content\/uploads\/2018\/05\/L\u00f6wenk\u00f6nig-11.jpg 1024w, https:\/\/wir-von-der-kennedy.de\/wirvonderkennedyfinal\/wp-content\/uploads\/2018\/05\/L\u00f6wenk\u00f6nig-11-300x203.jpg 300w, https:\/\/wir-von-der-kennedy.de\/wirvonderkennedyfinal\/wp-content\/uploads\/2018\/05\/L\u00f6wenk\u00f6nig-11-768x519.jpg 768w\" sizes=\"auto, (max-width: 1024px) 100vw, 1024px\" \/><\/a><\/figure><\/li><li class=\"blocks-gallery-item\"><figure><a href=\"http:\/\/wir-von-der-kennedy.de\/wirvonderkennedyfinal\/wp-content\/uploads\/2018\/05\/L\u00f6wenk\u00f6nig-10-1024x683.jpg\"><img loading=\"lazy\" decoding=\"async\" width=\"1024\" height=\"683\" src=\"http:\/\/wir-von-der-kennedy.de\/wirvonderkennedyfinal\/wp-content\/uploads\/2018\/05\/L\u00f6wenk\u00f6nig-10-1024x683.jpg\" alt=\"\" data-id=\"8226\" data-link=\"http:\/\/wir-von-der-kennedy.de\/wirvonderkennedyfinal\/loewenkoenig-10\/\" class=\"wp-image-8226\" srcset=\"https:\/\/wir-von-der-kennedy.de\/wirvonderkennedyfinal\/wp-content\/uploads\/2018\/05\/L\u00f6wenk\u00f6nig-10.jpg 1024w, https:\/\/wir-von-der-kennedy.de\/wirvonderkennedyfinal\/wp-content\/uploads\/2018\/05\/L\u00f6wenk\u00f6nig-10-300x200.jpg 300w, https:\/\/wir-von-der-kennedy.de\/wirvonderkennedyfinal\/wp-content\/uploads\/2018\/05\/L\u00f6wenk\u00f6nig-10-768x512.jpg 768w\" sizes=\"auto, (max-width: 1024px) 100vw, 1024px\" \/><\/a><\/figure><\/li><li class=\"blocks-gallery-item\"><figure><a href=\"http:\/\/wir-von-der-kennedy.de\/wirvonderkennedyfinal\/wp-content\/uploads\/2018\/05\/L\u00f6wenk\u00f6nig-9-1024x683.jpg\"><img loading=\"lazy\" decoding=\"async\" width=\"1024\" height=\"683\" src=\"http:\/\/wir-von-der-kennedy.de\/wirvonderkennedyfinal\/wp-content\/uploads\/2018\/05\/L\u00f6wenk\u00f6nig-9-1024x683.jpg\" alt=\"\" data-id=\"8225\" data-link=\"http:\/\/wir-von-der-kennedy.de\/wirvonderkennedyfinal\/loewenkoenig-9\/\" class=\"wp-image-8225\" srcset=\"https:\/\/wir-von-der-kennedy.de\/wirvonderkennedyfinal\/wp-content\/uploads\/2018\/05\/L\u00f6wenk\u00f6nig-9.jpg 1024w, https:\/\/wir-von-der-kennedy.de\/wirvonderkennedyfinal\/wp-content\/uploads\/2018\/05\/L\u00f6wenk\u00f6nig-9-300x200.jpg 300w, https:\/\/wir-von-der-kennedy.de\/wirvonderkennedyfinal\/wp-content\/uploads\/2018\/05\/L\u00f6wenk\u00f6nig-9-768x512.jpg 768w\" sizes=\"auto, (max-width: 1024px) 100vw, 1024px\" \/><\/a><\/figure><\/li><li class=\"blocks-gallery-item\"><figure><a href=\"http:\/\/wir-von-der-kennedy.de\/wirvonderkennedyfinal\/wp-content\/uploads\/2018\/05\/L\u00f6wenk\u00f6nig-8-1024x683.jpg\"><img loading=\"lazy\" decoding=\"async\" width=\"1024\" height=\"683\" src=\"http:\/\/wir-von-der-kennedy.de\/wirvonderkennedyfinal\/wp-content\/uploads\/2018\/05\/L\u00f6wenk\u00f6nig-8-1024x683.jpg\" alt=\"\" data-id=\"8224\" data-link=\"http:\/\/wir-von-der-kennedy.de\/wirvonderkennedyfinal\/loewenkoenig-8\/\" class=\"wp-image-8224\" srcset=\"https:\/\/wir-von-der-kennedy.de\/wirvonderkennedyfinal\/wp-content\/uploads\/2018\/05\/L\u00f6wenk\u00f6nig-8.jpg 1024w, https:\/\/wir-von-der-kennedy.de\/wirvonderkennedyfinal\/wp-content\/uploads\/2018\/05\/L\u00f6wenk\u00f6nig-8-300x200.jpg 300w, https:\/\/wir-von-der-kennedy.de\/wirvonderkennedyfinal\/wp-content\/uploads\/2018\/05\/L\u00f6wenk\u00f6nig-8-768x512.jpg 768w\" sizes=\"auto, (max-width: 1024px) 100vw, 1024px\" \/><\/a><\/figure><\/li><li class=\"blocks-gallery-item\"><figure><a href=\"http:\/\/wir-von-der-kennedy.de\/wirvonderkennedyfinal\/wp-content\/uploads\/2018\/05\/L\u00f6wenk\u00f6nig-7-1024x683.jpg\"><img loading=\"lazy\" decoding=\"async\" width=\"1024\" height=\"683\" src=\"http:\/\/wir-von-der-kennedy.de\/wirvonderkennedyfinal\/wp-content\/uploads\/2018\/05\/L\u00f6wenk\u00f6nig-7-1024x683.jpg\" alt=\"\" data-id=\"8223\" data-link=\"http:\/\/wir-von-der-kennedy.de\/wirvonderkennedyfinal\/loewenkoenig-7\/\" class=\"wp-image-8223\" srcset=\"https:\/\/wir-von-der-kennedy.de\/wirvonderkennedyfinal\/wp-content\/uploads\/2018\/05\/L\u00f6wenk\u00f6nig-7.jpg 1024w, https:\/\/wir-von-der-kennedy.de\/wirvonderkennedyfinal\/wp-content\/uploads\/2018\/05\/L\u00f6wenk\u00f6nig-7-300x200.jpg 300w, https:\/\/wir-von-der-kennedy.de\/wirvonderkennedyfinal\/wp-content\/uploads\/2018\/05\/L\u00f6wenk\u00f6nig-7-768x512.jpg 768w\" sizes=\"auto, (max-width: 1024px) 100vw, 1024px\" \/><\/a><\/figure><\/li><li class=\"blocks-gallery-item\"><figure><a href=\"http:\/\/wir-von-der-kennedy.de\/wirvonderkennedyfinal\/wp-content\/uploads\/2018\/05\/L\u00f6wenk\u00f6nig-6-1024x683.jpg\"><img loading=\"lazy\" decoding=\"async\" width=\"1024\" height=\"683\" src=\"http:\/\/wir-von-der-kennedy.de\/wirvonderkennedyfinal\/wp-content\/uploads\/2018\/05\/L\u00f6wenk\u00f6nig-6-1024x683.jpg\" alt=\"\" data-id=\"8222\" data-link=\"http:\/\/wir-von-der-kennedy.de\/wirvonderkennedyfinal\/loewenkoenig-6\/\" class=\"wp-image-8222\" srcset=\"https:\/\/wir-von-der-kennedy.de\/wirvonderkennedyfinal\/wp-content\/uploads\/2018\/05\/L\u00f6wenk\u00f6nig-6.jpg 1024w, https:\/\/wir-von-der-kennedy.de\/wirvonderkennedyfinal\/wp-content\/uploads\/2018\/05\/L\u00f6wenk\u00f6nig-6-300x200.jpg 300w, https:\/\/wir-von-der-kennedy.de\/wirvonderkennedyfinal\/wp-content\/uploads\/2018\/05\/L\u00f6wenk\u00f6nig-6-768x512.jpg 768w\" sizes=\"auto, (max-width: 1024px) 100vw, 1024px\" \/><\/a><\/figure><\/li><li class=\"blocks-gallery-item\"><figure><a href=\"http:\/\/wir-von-der-kennedy.de\/wirvonderkennedyfinal\/wp-content\/uploads\/2018\/05\/L\u00f6wenk\u00f6nig-5-1024x683.jpg\"><img loading=\"lazy\" decoding=\"async\" width=\"1024\" height=\"683\" src=\"http:\/\/wir-von-der-kennedy.de\/wirvonderkennedyfinal\/wp-content\/uploads\/2018\/05\/L\u00f6wenk\u00f6nig-5-1024x683.jpg\" alt=\"\" data-id=\"8221\" data-link=\"http:\/\/wir-von-der-kennedy.de\/wirvonderkennedyfinal\/loewenkoenig-5\/\" class=\"wp-image-8221\" srcset=\"https:\/\/wir-von-der-kennedy.de\/wirvonderkennedyfinal\/wp-content\/uploads\/2018\/05\/L\u00f6wenk\u00f6nig-5.jpg 1024w, https:\/\/wir-von-der-kennedy.de\/wirvonderkennedyfinal\/wp-content\/uploads\/2018\/05\/L\u00f6wenk\u00f6nig-5-300x200.jpg 300w, https:\/\/wir-von-der-kennedy.de\/wirvonderkennedyfinal\/wp-content\/uploads\/2018\/05\/L\u00f6wenk\u00f6nig-5-768x512.jpg 768w\" sizes=\"auto, (max-width: 1024px) 100vw, 1024px\" \/><\/a><\/figure><\/li><li class=\"blocks-gallery-item\"><figure><a href=\"http:\/\/wir-von-der-kennedy.de\/wirvonderkennedyfinal\/wp-content\/uploads\/2018\/05\/L\u00f6wenk\u00f6nig-4-1024x683.jpg\"><img loading=\"lazy\" decoding=\"async\" width=\"1024\" height=\"683\" src=\"http:\/\/wir-von-der-kennedy.de\/wirvonderkennedyfinal\/wp-content\/uploads\/2018\/05\/L\u00f6wenk\u00f6nig-4-1024x683.jpg\" alt=\"\" data-id=\"8220\" data-link=\"http:\/\/wir-von-der-kennedy.de\/wirvonderkennedyfinal\/loewenkoenig-4\/\" class=\"wp-image-8220\" srcset=\"https:\/\/wir-von-der-kennedy.de\/wirvonderkennedyfinal\/wp-content\/uploads\/2018\/05\/L\u00f6wenk\u00f6nig-4.jpg 1024w, https:\/\/wir-von-der-kennedy.de\/wirvonderkennedyfinal\/wp-content\/uploads\/2018\/05\/L\u00f6wenk\u00f6nig-4-300x200.jpg 300w, https:\/\/wir-von-der-kennedy.de\/wirvonderkennedyfinal\/wp-content\/uploads\/2018\/05\/L\u00f6wenk\u00f6nig-4-768x512.jpg 768w\" sizes=\"auto, (max-width: 1024px) 100vw, 1024px\" \/><\/a><\/figure><\/li><li class=\"blocks-gallery-item\"><figure><a href=\"http:\/\/wir-von-der-kennedy.de\/wirvonderkennedyfinal\/wp-content\/uploads\/2018\/05\/L\u00f6wenk\u00f6nig-3-1024x683.jpg\"><img loading=\"lazy\" decoding=\"async\" width=\"1024\" height=\"683\" src=\"http:\/\/wir-von-der-kennedy.de\/wirvonderkennedyfinal\/wp-content\/uploads\/2018\/05\/L\u00f6wenk\u00f6nig-3-1024x683.jpg\" alt=\"\" data-id=\"8219\" data-link=\"http:\/\/wir-von-der-kennedy.de\/wirvonderkennedyfinal\/loewenkoenig-3\/\" class=\"wp-image-8219\" srcset=\"https:\/\/wir-von-der-kennedy.de\/wirvonderkennedyfinal\/wp-content\/uploads\/2018\/05\/L\u00f6wenk\u00f6nig-3.jpg 1024w, https:\/\/wir-von-der-kennedy.de\/wirvonderkennedyfinal\/wp-content\/uploads\/2018\/05\/L\u00f6wenk\u00f6nig-3-300x200.jpg 300w, https:\/\/wir-von-der-kennedy.de\/wirvonderkennedyfinal\/wp-content\/uploads\/2018\/05\/L\u00f6wenk\u00f6nig-3-768x512.jpg 768w\" sizes=\"auto, (max-width: 1024px) 100vw, 1024px\" \/><\/a><\/figure><\/li><li class=\"blocks-gallery-item\"><figure><a href=\"http:\/\/wir-von-der-kennedy.de\/wirvonderkennedyfinal\/wp-content\/uploads\/2018\/05\/L\u00f6wenk\u00f6nig-2-1024x683.jpg\"><img loading=\"lazy\" decoding=\"async\" width=\"1024\" height=\"683\" src=\"http:\/\/wir-von-der-kennedy.de\/wirvonderkennedyfinal\/wp-content\/uploads\/2018\/05\/L\u00f6wenk\u00f6nig-2-1024x683.jpg\" alt=\"\" data-id=\"8218\" data-link=\"http:\/\/wir-von-der-kennedy.de\/wirvonderkennedyfinal\/loewenkoenig-2\/\" class=\"wp-image-8218\" srcset=\"https:\/\/wir-von-der-kennedy.de\/wirvonderkennedyfinal\/wp-content\/uploads\/2018\/05\/L\u00f6wenk\u00f6nig-2.jpg 1024w, https:\/\/wir-von-der-kennedy.de\/wirvonderkennedyfinal\/wp-content\/uploads\/2018\/05\/L\u00f6wenk\u00f6nig-2-300x200.jpg 300w, https:\/\/wir-von-der-kennedy.de\/wirvonderkennedyfinal\/wp-content\/uploads\/2018\/05\/L\u00f6wenk\u00f6nig-2-768x512.jpg 768w\" sizes=\"auto, (max-width: 1024px) 100vw, 1024px\" \/><\/a><\/figure><\/li><\/ul>\n","protected":false},"excerpt":{"rendered":"<p>Am Abend des 17. Mai 2018 wurde in der &#8222;Theater-Mensa&#8220; vor \u00fcber 200 Zuschauern das Musical &#8222;L\u00f6wenk\u00f6nig&#8220; aufgef\u00fchrt und frenetisch gefeiert. Unter der Regie von Frau Haberland zeigten alle Teilnehmer der Theater-AG auf, vor und hinter der B\u00fchne ihr ganzes K\u00f6nnen. Beachtlich war die enorme Ausstrahlung des ein oder anderen &#8222;Schauspielers&#8220; und besonders erw\u00e4hnenswert die&#8230; <\/p>\n<div class=\"clear\"><\/div>\n<p><a href=\"https:\/\/wir-von-der-kennedy.de\/wirvonderkennedyfinal\/theater-loewenkoenig\/\" class=\"gdlr-info-font excerpt-read-more\">Read More<\/a><\/p>\n","protected":false},"author":2,"featured_media":0,"parent":0,"menu_order":0,"comment_status":"closed","ping_status":"closed","template":"","meta":{"_crdt_document":"","footnotes":""},"class_list":["post-8236","page","type-page","status-publish","hentry"],"_links":{"self":[{"href":"https:\/\/wir-von-der-kennedy.de\/wirvonderkennedyfinal\/wp-json\/wp\/v2\/pages\/8236","targetHints":{"allow":["GET"]}}],"collection":[{"href":"https:\/\/wir-von-der-kennedy.de\/wirvonderkennedyfinal\/wp-json\/wp\/v2\/pages"}],"about":[{"href":"https:\/\/wir-von-der-kennedy.de\/wirvonderkennedyfinal\/wp-json\/wp\/v2\/types\/page"}],"author":[{"embeddable":true,"href":"https:\/\/wir-von-der-kennedy.de\/wirvonderkennedyfinal\/wp-json\/wp\/v2\/users\/2"}],"replies":[{"embeddable":true,"href":"https:\/\/wir-von-der-kennedy.de\/wirvonderkennedyfinal\/wp-json\/wp\/v2\/comments?post=8236"}],"version-history":[{"count":8,"href":"https:\/\/wir-von-der-kennedy.de\/wirvonderkennedyfinal\/wp-json\/wp\/v2\/pages\/8236\/revisions"}],"predecessor-version":[{"id":9116,"href":"https:\/\/wir-von-der-kennedy.de\/wirvonderkennedyfinal\/wp-json\/wp\/v2\/pages\/8236\/revisions\/9116"}],"wp:attachment":[{"href":"https:\/\/wir-von-der-kennedy.de\/wirvonderkennedyfinal\/wp-json\/wp\/v2\/media?parent=8236"}],"curies":[{"name":"wp","href":"https:\/\/api.w.org\/{rel}","templated":true}]}}